000
CDUS44 KBMX 252114
CLIMGM


CLIMATE REPORT
NATIONAL WEATHER SERVICE BIRMINGHAM, AL
413 PM CDT WED APR 25 2018


...................................

...THE MONTGOMERY CLIMATE SUMMARY FOR APRIL 25 2018...
VALID TODAY AS OF 0400 PM LOCAL TIME.

CLIMATE NORMAL PERIOD 1981 TO 2010
CLIMATE RECORD PERIOD 1872 TO 2018


WEATHER ITEM   OBSERVED TIME   RECORD YEAR NORMAL DEPARTURE LAST
                VALUE   (LST)  VALUE       VALUE  FROM      YEAR
                                                  NORMAL
..................................................................
TEMPERATURE (F)
 TODAY
  MAXIMUM         76    257 PM  89    2009  79     -3       81
                                      1960
  MINIMUM         54    517 AM  34    1910  54      0       53
  AVERAGE         65                        66     -1       67

PRECIPITATION (IN)
  TODAY            0.00          3.47 1973   0.11  -0.11     0.00
  MONTH TO DATE    3.35                      3.47  -0.12     1.50
  SINCE MAR 1      6.53                      9.42  -2.89     5.22
  SINCE JAN 1     15.52                     19.35  -3.83    19.92

SNOWFALL (IN)
  TODAY            0.0                       0.0    0.0      0.0
  MONTH TO DATE    0.0                       0.0    0.0      0.0
  SINCE MAR 1      0.0                       0.3   -0.3      0.0
  SINCE JUL 1      T                         0.4   -0.4      0.0
  SNOW DEPTH       0

DEGREE DAYS

 COOLING
  TODAY            0                         3     -3        2
  MONTH TO DATE   27                        53    -26      126
  SINCE MAR 1     64                        76    -12      207
  SINCE JAN 1    129                        82     47      253
..................................................................


WIND (MPH)
  HIGHEST WIND SPEED    15   HIGHEST WIND DIRECTION    NW (320)
  HIGHEST GUST SPEED    19   HIGHEST GUST DIRECTION    NW (320)
  AVERAGE WIND SPEED     8.2


SKY COVER
  AVERAGE SKY COVER 0.5


WEATHER CONDITIONS
 THE FOLLOWING WEATHER WAS RECORDED TODAY.
  FOG
  HAZE


RELATIVE HUMIDITY (PERCENT)
 HIGHEST   100          1200 AM
 LOWEST     50           300 PM
 AVERAGE    75

..........................................................


THE MONTGOMERY CLIMATE NORMALS FOR TOMORROW
                         NORMAL    RECORD    YEAR
 MAXIMUM TEMPERATURE (F)   79        88      2015
                                             1989
                                             1985
 MINIMUM TEMPERATURE (F)   55        36      1910


SUNRISE AND SUNSET
APRIL 25 2018.........SUNRISE   605 AM CDT   SUNSET   722 PM CDT
APRIL 26 2018.........SUNRISE   604 AM CDT   SUNSET   723 PM CDT


-  INDICATES NEGATIVE NUMBERS.
R  INDICATES RECORD WAS SET OR TIED.
MM INDICATES DATA IS MISSING.
T  INDICATES TRACE AMOUNT.




$$
