000
CDUS43 KFSD 250644
CLIMHE


CLIMATE REPORT
NATIONAL WEATHER SERVICE SIOUX FALLS SD
143 AM CDT WED APR 25 2018


...................................

...THE MITCHELL SD CLIMATE SUMMARY FOR APRIL 24 2018...

CLIMATE NORMAL PERIOD 1981 TO 2010
CLIMATE RECORD PERIOD 1893 TO 2018


WEATHER ITEM   OBSERVED TIME   RECORD YEAR NORMAL DEPARTURE LAST
                VALUE   (LST)  VALUE       VALUE  FROM      YEAR
                                                  NORMAL
..................................................................
TEMPERATURE (F)
 YESTERDAY
  MAXIMUM         56   1224 AM  91    1906  65     -9       67
  MINIMUM         37   1153 PM  23    1919  39     -2       42
  AVERAGE         47                        52     -5       55

PRECIPITATION (IN)
  YESTERDAY        0.02          1.30 1929   0.10  -0.08     0.00
  MONTH TO DATE    1.56                      1.59  -0.03     2.43
  SINCE MAR 1      3.07                      2.65   0.42     2.77
  SINCE JAN 1      4.11                      3.21   0.90     3.93

SNOWFALL (IN)
  YESTERDAY        0.0           2.0  1937  MM     MM        0.0
  MONTH TO DATE   19.5                      MM     MM        1.6
  SINCE MAR 1     30.5                      MM     MM        5.2
  SINCE JUL 1     57.5                      MM     MM       30.6
  SNOW DEPTH       0

DEGREE DAYS
 HEATING
  YESTERDAY       18                        13      5       10
  MONTH TO DATE  726                       446    280      330
  SINCE MAR 1   1708                      1404    304     1199
  SINCE JUL 1   7263                      6926    337     5933

 COOLING
  YESTERDAY        0                         0      0        0
  MONTH TO DATE    0                         0      0        0
  SINCE MAR 1      0                         0      0        0
  SINCE JAN 1      0                         0      0        0
..................................................................


WIND (MPH)
  HIGHEST WIND SPEED    25   HIGHEST WIND DIRECTION    NE (50)
  HIGHEST GUST SPEED    33   HIGHEST GUST DIRECTION    NE (40)
  AVERAGE WIND SPEED    11.7


SKY COVER
  POSSIBLE SUNSHINE  MM
  AVERAGE SKY COVER 0.9


WEATHER CONDITIONS
 THE FOLLOWING WEATHER WAS RECORDED YESTERDAY.
  LIGHT RAIN
  FOG


RELATIVE HUMIDITY (PERCENT)
 HIGHEST    86           100 PM
 LOWEST     61          1200 AM
 AVERAGE    74

..........................................................


THE MITCHELL SD CLIMATE NORMALS FOR TODAY
                         NORMAL    RECORD    YEAR
 MAXIMUM TEMPERATURE (F)   65        97      1962
 MINIMUM TEMPERATURE (F)   40        23      1907


SUNRISE AND SUNSET
APRIL 25 2018.........SUNRISE   633 AM CDT   SUNSET   828 PM CDT
APRIL 26 2018.........SUNRISE   632 AM CDT   SUNSET   829 PM CDT


-  INDICATES NEGATIVE NUMBERS.
R  INDICATES RECORD WAS SET OR TIED.
MM INDICATES DATA IS MISSING.
T  INDICATES TRACE AMOUNT.




$$
