000
CDUS43 KTOP 190634
CLIMHK


CLIMATE REPORT
NATIONAL WEATHER SERVICE TOPEKA KS
133 AM CDT THU APR 19 2018


...................................

...THE MANHATTAN KS CLIMATE SUMMARY FOR APRIL 18 2018...

CLIMATE NORMAL PERIOD 1981 TO 2010
CLIMATE RECORD PERIOD 9999 TO 9999


WEATHER ITEM   OBSERVED NORMAL DEPARTURE LAST
                VALUE   VALUE  FROM      YEAR
                               NORMAL
...............................................
TEMPERATURE (F)
 YESTERDAY
  MAXIMUM         59     68     -9       83
  MINIMUM         31     42    -11       56
  AVERAGE         45     55    -10       70

PRECIPITATION (IN)
  YESTERDAY        0.00   0.10  -0.10      T
  MONTH TO DATE    T      1.37  -1.37     2.59
  SINCE MAR 1      0.33   3.57  -3.24     6.66
  SINCE JAN 1      0.91   5.29  -4.38     8.46

DEGREE DAYS
 HEATING
  YESTERDAY       20     11      9        0
  MONTH TO DATE  383    240    143      144
  SINCE MAR 1    962    916     46      653
  SINCE JUL 1   4765   5076   -311     3937

 COOLING
  YESTERDAY        0      1     -1        5
  MONTH TO DATE    3      7     -4       31
  SINCE MAR 1      3      9     -6       37
  SINCE JAN 1      3      9     -6       37
...............................................


WIND (MPH)
  HIGHEST WIND SPEED    21   HIGHEST WIND DIRECTION     N (340)
  HIGHEST GUST SPEED    38   HIGHEST GUST DIRECTION    NW (330)
  AVERAGE WIND SPEED    10.5


SKY COVER
  AVERAGE SKY COVER 0.5


WEATHER CONDITIONS
 THE FOLLOWING WEATHER WAS RECORDED YESTERDAY.
  HAZE


RELATIVE HUMIDITY (PERCENT)
 HIGHEST    76
 LOWEST     38
 AVERAGE    57

..........................................................


THE MANHATTAN KS CLIMATE NORMALS FOR TODAY
                         NORMAL
 MAXIMUM TEMPERATURE (F)   68
 MINIMUM TEMPERATURE (F)   43


SUNRISE AND SUNSET
APRIL 19 2018.........SUNRISE   644 AM CDT   SUNSET   808 PM CDT
APRIL 20 2018.........SUNRISE   643 AM CDT   SUNSET   809 PM CDT


-  INDICATES NEGATIVE NUMBERS.
R  INDICATES RECORD WAS SET OR TIED.
MM INDICATES DATA IS MISSING.
T  INDICATES TRACE AMOUNT.




$$
