000
CDUS42 KMFL 202044
CLIMIA


CLIMATE REPORT
NATIONAL WEATHER SERVICE MIAMI, FL
443 PM EDT FRI APR 20 2018


...................................

...THE MIAMI CLIMATE SUMMARY FOR APRIL 20 2018...
VALID TODAY AS OF 0400 PM LOCAL TIME.

CLIMATE NORMAL PERIOD 1981 TO 2010
CLIMATE RECORD PERIOD 1895 TO 2018


WEATHER ITEM   OBSERVED TIME   RECORD YEAR NORMAL DEPARTURE LAST
                VALUE   (LST)  VALUE       VALUE  FROM      YEAR
                                                  NORMAL
..................................................................
TEMPERATURE (F)
 TODAY
  MAXIMUM         88    212 PM  92    2015  84      4       81
  MINIMUM         68    658 AM  54    1956  69     -1       73
  AVERAGE         78                        76      2       77

PRECIPITATION (IN)
  TODAY            0.00          1.15 1959   0.12  -0.12     0.02
  MONTH TO DATE    1.28                      2.10  -0.82     0.08
  SINCE NOV 1      7.92                     14.28  -6.36    11.98
  SINCE JAN 1      2.85                      8.97  -6.12     8.71

SNOWFALL (IN)
  TODAY            0.0
  MONTH TO DATE    0.0
  SINCE MAR 1      0.0
  SINCE JUL 1      0.0
  SNOW DEPTH       0

DEGREE DAYS
 HEATING
  TODAY            0                         0      0        0
  MONTH TO DATE    0                         0      0        0
  SINCE MAR 1      7                        11     -4        3
  SINCE JUL 1     85                       127    -42       17

 COOLING
  TODAY           13                        11      2       12
  MONTH TO DATE  241                       203     38      245
  SINCE MAR 1    433                       450    -17      516
  SINCE JAN 1    914                       772    142     1010
..................................................................


WIND (MPH)
  HIGHEST WIND SPEED    13   HIGHEST WIND DIRECTION    SE (120)
  HIGHEST GUST SPEED    17   HIGHEST GUST DIRECTION    SE (120)
  AVERAGE WIND SPEED     4.8


SKY COVER
  AVERAGE SKY COVER 0.3


WEATHER CONDITIONS
 THE FOLLOWING WEATHER WAS RECORDED TODAY.
  NO SIGNIFICANT WEATHER WAS OBSERVED.


RELATIVE HUMIDITY (PERCENT)
 HIGHEST    90
 LOWEST     31
 AVERAGE    61

..........................................................


THE MIAMI CLIMATE NORMALS FOR TOMORROW
                         NORMAL    RECORD    YEAR
 MAXIMUM TEMPERATURE (F)   84        90      1988
                                             1935
                                             1908
 MINIMUM TEMPERATURE (F)   69        49      1901


SUNRISE AND SUNSET
APRIL 20 2018.........SUNRISE   654 AM EDT   SUNSET   747 PM EDT
APRIL 21 2018.........SUNRISE   653 AM EDT   SUNSET   747 PM EDT


-  INDICATES NEGATIVE NUMBERS.
R  INDICATES RECORD WAS SET OR TIED.
MM INDICATES DATA IS MISSING.
T  INDICATES TRACE AMOUNT.




$$
