000
CDUS42 KMLB 240626
CLIMLB


CLIMATE REPORT
NATIONAL WEATHER SERVICE MELBOURNE FL
226 AM EDT THU MAY 24 2018


...................................

...THE MELBOURNE CLIMATE SUMMARY FOR MAY 23 2018...

CLIMATE NORMAL PERIOD 1981 TO 2010
CLIMATE RECORD PERIOD 1939 TO 2018


WEATHER ITEM   OBSERVED TIME   RECORD YEAR NORMAL DEPARTURE LAST
                VALUE   (LST)  VALUE       VALUE  FROM      YEAR
                                                  NORMAL
..................................................................
TEMPERATURE (F)
 YESTERDAY
  MAXIMUM         85    259 PM  95    2017  87     -2       95
                                      1961
  MINIMUM         69    451 AM  57    1994  69      0       76
  AVERAGE         77                        78     -1       86

PRECIPITATION (IN)
  YESTERDAY        0.00          5.00 1984   0.13  -0.13      T
  MONTH TO DATE    5.53                      2.08   3.45     1.88
  SINCE MAR 1      9.01                      7.49   1.52     2.52
  SINCE JAN 1     12.18                     12.29  -0.11     7.41

SNOWFALL (IN)
  YESTERDAY        0.0
  MONTH TO DATE    0.0
  SINCE JUL 1      0.0

DEGREE DAYS
 HEATING
  YESTERDAY        0                         0      0        0
  MONTH TO DATE    0                         0      0        0
  SINCE MAR 1     89                        87      2       42
  SINCE JUL 1    342                       576   -234      220

 COOLING
  YESTERDAY       12                        13     -1       21
  MONTH TO DATE  284                       244     40      320
  SINCE MAR 1    690                       521    169      844
  SINCE JAN 1   1023                       619    404     1022
..................................................................


WIND (MPH)
  HIGHEST WIND SPEED    17   HIGHEST WIND DIRECTION     E (110)
  HIGHEST GUST SPEED    20   HIGHEST GUST DIRECTION     E (110)
  AVERAGE WIND SPEED     7.3


SKY COVER
  AVERAGE SKY COVER 0.2


WEATHER CONDITIONS
 THE FOLLOWING WEATHER WAS RECORDED YESTERDAY.
  FOG


RELATIVE HUMIDITY (PERCENT)
 HIGHEST    97           400 AM
 LOWEST     61          1100 AM
 AVERAGE    79

..........................................................


THE MELBOURNE CLIMATE NORMALS FOR TODAY
                         NORMAL    RECORD    YEAR
 MAXIMUM TEMPERATURE (F)   87        96      2017
 MINIMUM TEMPERATURE (F)   69        57      1994


SUNRISE AND SUNSET
MAY 24 2018...........SUNRISE   628 AM EDT   SUNSET   811 PM EDT
MAY 25 2018...........SUNRISE   628 AM EDT   SUNSET   811 PM EDT


-  INDICATES NEGATIVE NUMBERS.
R  INDICATES RECORD WAS SET OR TIED.
MM INDICATES DATA IS MISSING.
T  INDICATES TRACE AMOUNT.




$$
