008
CDUS43 KDVN 210911
CLIMLI


CLIMATE REPORT
NATIONAL WEATHER SERVICE QUAD CITIES IA IL
411 AM CDT SAT APR 21 2018


...................................

...THE MOLINE IL CLIMATE SUMMARY FOR APRIL 20 2018...

CLIMATE NORMAL PERIOD 1981 TO 2010
CLIMATE RECORD PERIOD 1872 TO 2018


WEATHER ITEM   OBSERVED TIME   RECORD YEAR NORMAL DEPARTURE LAST
                VALUE   (LST)  VALUE       VALUE  FROM      YEAR
                                                  NORMAL
..................................................................
TEMPERATURE (F)
 YESTERDAY
  MAXIMUM         63    431 PM  90    1987  64     -1       69
  MINIMUM         24R   537 AM  25    1983  42    -18       50
  AVERAGE         44                        53     -9       60

PRECIPITATION (IN)
  YESTERDAY        0.00          2.37 1973   0.13  -0.13     0.00
  MONTH TO DATE    0.95                      2.31  -1.36     3.20
  SINCE MAR 1      4.23                      5.17  -0.94     6.69
  SINCE JAN 1      8.06                      8.26  -0.20     9.10

SNOWFALL (IN)
  YESTERDAY        0.0          MM      MM   0.0    0.0      0.0
  MONTH TO DATE    3.2                       0.9    2.3      0.0
  SINCE MAR 1     13.6                       4.9    8.7      5.9
  SINCE JUL 1     41.7                      31.6   10.1     22.4
  SNOW DEPTH       0

DEGREE DAYS
 HEATING
  YESTERDAY       21                        13      8        5
  MONTH TO DATE  551                       316    235      186
  SINCE MAR 1   1398                      1120    278      932
  SINCE JUL 1   6025                      5918    107     4735

 COOLING
  YESTERDAY        0                         1     -1        0
  MONTH TO DATE    0                         4     -4       14
  SINCE MAR 1      0                         5     -5       14
  SINCE JAN 1      0                         5     -5       14
..................................................................


WIND (MPH)
  HIGHEST WIND SPEED    13   HIGHEST WIND DIRECTION    SE (150)
  HIGHEST GUST SPEED    17   HIGHEST GUST DIRECTION     S (160)
  AVERAGE WIND SPEED     4.1


SKY COVER
  POSSIBLE SUNSHINE  MM
  AVERAGE SKY COVER 0.0


WEATHER CONDITIONS
 THE FOLLOWING WEATHER WAS RECORDED YESTERDAY.
  NO SIGNIFICANT WEATHER WAS OBSERVED.


RELATIVE HUMIDITY (PERCENT)
 HIGHEST    92           200 AM
 LOWEST     16           200 PM
 AVERAGE    54

..........................................................


THE MOLINE IL CLIMATE NORMALS FOR TODAY
                         NORMAL    RECORD    YEAR
 MAXIMUM TEMPERATURE (F)   65        87      1985
                                             1946
 MINIMUM TEMPERATURE (F)   43        27      1953
                                             1904


SUNRISE AND SUNSET
APRIL 21 2018.........SUNRISE   613 AM CDT   SUNSET   749 PM CDT
APRIL 22 2018.........SUNRISE   612 AM CDT   SUNSET   750 PM CDT


-  INDICATES NEGATIVE NUMBERS.
R  INDICATES RECORD WAS SET OR TIED.
MM INDICATES DATA IS MISSING.
T  INDICATES TRACE AMOUNT.




$$
