000
CDUS41 KCAR 212027
CLIMLT


CLIMATE REPORT
NATIONAL WEATHER SERVICE CARIBOU, ME
427 PM EDT MON MAY 21 2018


...................................

...THE MILLINOCKET ME CLIMATE SUMMARY FOR MAY 21 2018...
VALID TODAY AS OF 0400 PM LOCAL TIME.

CLIMATE NORMAL PERIOD 1981 TO 2010
CLIMATE RECORD PERIOD 1903 TO 2018


WEATHER ITEM   OBSERVED TIME   RECORD YEAR NORMAL DEPARTURE LAST
                VALUE   (LST)  VALUE       VALUE  FROM      YEAR
                                                  NORMAL
..................................................................
TEMPERATURE (F)
 TODAY
  MAXIMUM         75    249 PM  93    1911  66      9       70
  MINIMUM         41    153 AM  29    1974  43     -2       38
                                      1956
                                      1927
  AVERAGE         58                        55      3       54

PRECIPITATION (IN)
  TODAY            0.00          1.99 1998   0.11  -0.11     0.00
  MONTH TO DATE    1.76                      2.16  -0.40     3.95
  SINCE MAR 1      7.84                      8.78  -0.94     9.48
  SINCE JAN 1     13.71                     13.89  -0.18    14.67

SNOWFALL (IN)
  TODAY           MM            MM      MM  MM     MM       MM
  MONTH TO DATE   MM                        MM     MM       MM
  SINCE MAR 1     MM                        MM     MM       MM
  SINCE JUL 1     MM                        MM     MM       MM
  SNOW DEPTH      MM

DEGREE DAYS
 HEATING
  TODAY            7                        10     -3       11
  MONTH TO DATE  232                       280    -48      302
  SINCE MAR 1   2105                      2149    -44     2269
  SINCE JUL 1   7849                      8201   -352     7764

 COOLING
  TODAY            0                         0      0        0
  MONTH TO DATE    0                         0      0        9
  SINCE MAR 1      0                         0      0        9
  SINCE JAN 1      0                         0      0        9
..................................................................


WIND (MPH)
  HIGHEST WIND SPEED    22   HIGHEST WIND DIRECTION    NW (320)
  HIGHEST GUST SPEED    36   HIGHEST GUST DIRECTION    NW (320)
  AVERAGE WIND SPEED     6.9


SKY COVER
  POSSIBLE SUNSHINE  MM
  AVERAGE SKY COVER 0.1


WEATHER CONDITIONS
 THE FOLLOWING WEATHER WAS RECORDED TODAY.
  NO SIGNIFICANT WEATHER WAS OBSERVED.


RELATIVE HUMIDITY (PERCENT)
 HIGHEST    86           200 AM
 LOWEST     25          1200 PM
 AVERAGE    56

..........................................................


THE MILLINOCKET ME CLIMATE NORMALS FOR TOMORROW
                         NORMAL    RECORD    YEAR
 MAXIMUM TEMPERATURE (F)   67        96      1911
 MINIMUM TEMPERATURE (F)   44        23      1906


SUNRISE AND SUNSET
MAY 21 2018...........SUNRISE   457 AM EDT   SUNSET   806 PM EDT
MAY 22 2018...........SUNRISE   456 AM EDT   SUNSET   807 PM EDT


-  INDICATES NEGATIVE NUMBERS.
R  INDICATES RECORD WAS SET OR TIED.
MM INDICATES DATA IS MISSING.
T  INDICATES TRACE AMOUNT.




$$
