461
CDUS46 KSTO 250039
CLIMOD


CLIMATE REPORT
NATIONAL WEATHER SERVICE SACRAMENTO, CA
539 PM PDT TUE APR 24 2018


...................................

...THE MODESTO CA CLIMATE SUMMARY FOR APRIL 24 2018...
VALID TODAY AS OF 0500 PM LOCAL TIME.

CLIMATE NORMAL PERIOD 1981 TO 2010
CLIMATE RECORD PERIOD 1931 TO 2018


WEATHER ITEM   OBSERVED TIME   RECORD YEAR NORMAL DEPARTURE LAST
                VALUE   (LST)  VALUE       VALUE  FROM      YEAR
                                                  NORMAL
..................................................................
TEMPERATURE (F)
 TODAY
  MAXIMUM         86    338 PM  90    1966  77      9       67
  MINIMUM         55    555 AM  36    1964  51      4       53
  AVERAGE         71

PRECIPITATION (IN)
  TODAY            0.00          0.22 1978   0.03  -0.03     0.00
  MONTH TO DATE    2.22                      0.81   1.41     1.48
  SINCE OCT 1      8.00                     11.92  -3.92    16.78
  SINCE JAN 1      6.97                      7.84  -0.87    11.75

SNOWFALL (IN)
  TODAY            0.0          MM      MM
  MONTH TO DATE    0.0
  SINCE MAR 1      0.0
  SINCE JUL 1      0.0

DEGREE DAYS
 HEATING
  TODAY            0                         3     -3        5
  MONTH TO DATE   89                       114    -25       87
  SINCE MAR 1    393                       351     42      267
  SINCE JUL 1   1971                      2119   -148     1783

 COOLING
  TODAY            6                         2      4        0
  MONTH TO DATE   21                        25     -4        4
  SINCE MAR 1     24                        30     -6       10
  SINCE JAN 1     24                        30     -6       10
..................................................................


WIND (MPH)
  RESULTANT WIND SPEED   6   RESULTANT WIND DIRECTION  NW (330)
  HIGHEST WIND SPEED    13   HIGHEST WIND DIRECTION    NW (310)
  HIGHEST GUST SPEED    17   HIGHEST GUST DIRECTION    NW (320)


SKY COVER
  POSSIBLE SUNSHINE  MM
  AVERAGE SKY COVER 0.0


WEATHER CONDITIONS
 THE FOLLOWING WEATHER WAS RECORDED TODAY.
  NO SIGNIFICANT WEATHER WAS OBSERVED.


RELATIVE HUMIDITY (PERCENT)
 HIGHEST    83           600 AM
 LOWEST     32           300 PM
 AVERAGE    58

..........................................................


THE MODESTO CA CLIMATE NORMALS FOR TOMORROW
                         NORMAL    RECORD    YEAR
 MAXIMUM TEMPERATURE (F)   77        92      2004
 MINIMUM TEMPERATURE (F)   51        38      1971


SUNRISE AND SUNSET
APRIL 24 2018.........SUNRISE   617 AM PDT   SUNSET   748 PM PDT
APRIL 25 2018.........SUNRISE   615 AM PDT   SUNSET   749 PM PDT


-  INDICATES NEGATIVE NUMBERS.
R  INDICATES RECORD WAS SET OR TIED.
MM INDICATES DATA IS MISSING.
T  INDICATES TRACE AMOUNT.




$$
