140
CDUS43 KBIS 250755
CLIMOT


CLIMATE REPORT
NATIONAL WEATHER SERVICE BISMARCK ND
255 AM CDT FRI MAY 25 2018


...................................

...THE MINOT ND CLIMATE SUMMARY FOR MAY 24 2018...

CLIMATE NORMAL PERIOD 1981 TO 2010
CLIMATE RECORD PERIOD 1897 TO 2018


WEATHER ITEM   OBSERVED TIME   RECORD YEAR NORMAL DEPARTURE LAST
                VALUE   (LST)  VALUE       VALUE  FROM      YEAR
                                                  NORMAL
..................................................................
TEMPERATURE (F)
 YESTERDAY
  MAXIMUM         89    243 PM  91    1977  69     20       74
  MINIMUM         60    249 AM  24    1924  46     14       51
  AVERAGE         75                        57     18       63

PRECIPITATION (IN)
  YESTERDAY        0.00          1.10 1933   0.09  -0.09     0.01
  MONTH TO DATE    0.30                      1.84  -1.54     0.53
  SINCE MAR 1      0.95                      3.82  -2.87     1.13
  SINCE JAN 1      1.06                      4.73  -3.67     1.27

DEGREE DAYS
 COOLING
  YESTERDAY       10                         1      9        0
  MONTH TO DATE   31                         2     29        3
  SINCE MAR 1     32                         3     29        3
  SINCE JAN 1     32                         3     29        3
..................................................................


WIND (MPH)
  HIGHEST WIND SPEED    28   HIGHEST WIND DIRECTION     W (260)
  HIGHEST GUST SPEED    33   HIGHEST GUST DIRECTION     W (260)
  AVERAGE WIND SPEED    10.3


SKY COVER
  POSSIBLE SUNSHINE  MM
  AVERAGE SKY COVER 0.1


WEATHER CONDITIONS
 THE FOLLOWING WEATHER WAS RECORDED YESTERDAY.
  FOG


RELATIVE HUMIDITY (PERCENT)
 HIGHEST    93           100 AM
 LOWEST     27           100 PM
 AVERAGE    60

..........................................................


THE MINOT ND CLIMATE NORMALS FOR TODAY
                         NORMAL    RECORD    YEAR
 MAXIMUM TEMPERATURE (F)   69        92      1931
 MINIMUM TEMPERATURE (F)   46        20      1924


SUNRISE AND SUNSET
MAY 25 2018...........SUNRISE   554 AM CDT   SUNSET   930 PM CDT
MAY 26 2018...........SUNRISE   553 AM CDT   SUNSET   932 PM CDT


-  INDICATES NEGATIVE NUMBERS.
R  INDICATES RECORD WAS SET OR TIED.
MM INDICATES DATA IS MISSING.
T  INDICATES TRACE AMOUNT.




$$
