000
CDUS41 KBTV 250548
CLIMPV


CLIMATE REPORT
NATIONAL WEATHER SERVICE BURLINGTON VT
146 AM EDT WED APR 25 2018


...................................

...THE MONTPELIER VT CLIMATE SUMMARY FOR APRIL 24 2018...

CLIMATE NORMAL PERIOD 1981 TO 2010
CLIMATE RECORD PERIOD 1948 TO 2018


WEATHER ITEM   OBSERVED TIME   RECORD YEAR NORMAL DEPARTURE LAST
                VALUE   (LST)  VALUE       VALUE  FROM      YEAR
                                                  NORMAL
..................................................................
TEMPERATURE (F)
 YESTERDAY
  MAXIMUM         70    142 PM  78    2001  58     12       61
  MINIMUM         30    452 AM  23    1965  35     -5       36
  AVERAGE         50                        46      4       49

PRECIPITATION (IN)
  YESTERDAY        0.00          1.61        0.09  -0.09     0.00
  MONTH TO DATE    3.05                      2.10   0.95     2.91
  SINCE MAR 1      5.54                      4.49   1.05     5.51
  SINCE JAN 1      9.82                      8.98   0.84     9.43

DEGREE DAYS
 HEATING
  YESTERDAY       15                        19     -4       16
  MONTH TO DATE  747                       573    174      482
  SINCE MAR 1   1892                      1690    202     1763
  SINCE JUL 1   7547                      7598    -51     6984

 COOLING
  YESTERDAY        0                         0      0        0
  MONTH TO DATE    0                         0      0        1
  SINCE MAR 1      0                         0      0        1
  SINCE JAN 1      0                         0      0        1
..................................................................


WIND (MPH)
  HIGHEST WIND SPEED    17   HIGHEST WIND DIRECTION     S (170)
  HIGHEST GUST SPEED    22   HIGHEST GUST DIRECTION     S (160)
  AVERAGE WIND SPEED     5.9


SKY COVER
  AVERAGE SKY COVER 0.0


WEATHER CONDITIONS
 THE FOLLOWING WEATHER WAS RECORDED YESTERDAY.
  NO SIGNIFICANT WEATHER WAS OBSERVED.


RELATIVE HUMIDITY (PERCENT)
 HIGHEST    78           400 AM
 LOWEST     16           100 PM
 AVERAGE    47

..........................................................


THE MONTPELIER VT CLIMATE NORMALS FOR TODAY
                         NORMAL    RECORD    YEAR
 MAXIMUM TEMPERATURE (F)   58        85      2009
 MINIMUM TEMPERATURE (F)   35        17      1965


SUNRISE AND SUNSET
APRIL 25 2018.........SUNRISE   550 AM EDT   SUNSET   747 PM EDT
APRIL 26 2018.........SUNRISE   549 AM EDT   SUNSET   748 PM EDT


-  INDICATES NEGATIVE NUMBERS.
R  INDICATES RECORD WAS SET OR TIED.
MM INDICATES DATA IS MISSING.
T  INDICATES TRACE AMOUNT.




$$
