000
CDUS45 KMSO 230738
CLIMSO


CLIMATE REPORT
NATIONAL WEATHER SERVICE MISSOULA, MT
138 AM MDT MON APR 23 2018


...................................

...THE MISSOULA MT CLIMATE SUMMARY FOR APRIL 22 2018...

CLIMATE NORMAL PERIOD 1981 TO 2010
CLIMATE RECORD PERIOD 1893 TO 2018


WEATHER ITEM   OBSERVED TIME   RECORD YEAR NORMAL DEPARTURE LAST
                VALUE   (LST)  VALUE       VALUE  FROM      YEAR
                                                  NORMAL
..................................................................
TEMPERATURE (F)
 YESTERDAY
  MAXIMUM         60    343 PM  83    1969  60      0       65
  MINIMUM         28    616 AM  15    2013  34     -6       30
  AVERAGE         44                        47     -3       48

PRECIPITATION (IN)
  YESTERDAY        0.00          0.70 1994   0.04  -0.04     0.00
  MONTH TO DATE    1.77                      0.89   0.88     0.89
  SINCE OCT 1      8.67                      6.37   2.30    10.83
  SINCE JAN 1      4.85                      3.44   1.41     6.17

SNOWFALL (IN)
  YESTERDAY        0.0
  MONTH TO DATE    1.6
  SINCE JAN 1     25.9
  SINCE JUL 1     53.2
  SNOW DEPTH       0

DEGREE DAYS
 HEATING
  YESTERDAY       21                        18      3       17
  MONTH TO DATE  530                       445     85      469
  SINCE MAR 1   1394                      1259    135     1226
  SINCE JUL 1   6791                      6628    163     7002

 COOLING
  YESTERDAY        0                         0      0        0
  MONTH TO DATE    0                         0      0        0
  SINCE MAR 1      0                         0      0        0
  SINCE JAN 1      0                         0      0        0
..................................................................


WIND (MPH)
  HIGHEST WIND SPEED    20   HIGHEST WIND DIRECTION     N (10)
  HIGHEST GUST SPEED    28   HIGHEST GUST DIRECTION     N (10)
  AVERAGE WIND SPEED     6.9


SKY COVER
  POSSIBLE SUNSHINE  MM
  AVERAGE SKY COVER 0.0


WEATHER CONDITIONS
 THE FOLLOWING WEATHER WAS RECORDED YESTERDAY.
  NO SIGNIFICANT WEATHER WAS OBSERVED.


RELATIVE HUMIDITY (PERCENT)
 HIGHEST    72           700 AM
 LOWEST     24           200 PM
 AVERAGE    48

..........................................................


THE MISSOULA MT CLIMATE NORMALS FOR TODAY
                         NORMAL    RECORD    YEAR
 MAXIMUM TEMPERATURE (F)   60        85      2012
 MINIMUM TEMPERATURE (F)   34        20      2013


SUNRISE AND SUNSET
APRIL 23 2018.........SUNRISE   634 AM MDT   SUNSET   836 PM MDT
APRIL 24 2018.........SUNRISE   632 AM MDT   SUNSET   837 PM MDT


-  INDICATES NEGATIVE NUMBERS.
R  INDICATES RECORD WAS SET OR TIED.
MM INDICATES DATA IS MISSING.
T  INDICATES TRACE AMOUNT.




$$
