000
CDUS42 KKEY 230542
CLIMTH


CLIMATE REPORT
NATIONAL WEATHER SERVICE KEY WEST, FL
139 AM EDT MON APR 23 2018


...................................

...THE MARATHON CLIMATE SUMMARY FOR APRIL 22 2018...

CLIMATE NORMAL PERIOD 1981 TO 2010

WEATHER ITEM   OBSERVED TIME   NORMAL DEPARTURE LAST
                VALUE   (LST)  VALUE  FROM      YEAR
                                      NORMAL
......................................................
TEMPERATURE (F)
 YESTERDAY
  MAXIMUM         87    108 PM  83      4       82
  MINIMUM         77    528 AM  73      4       73
  AVERAGE         82            78      4       78

PRECIPITATION (IN)
  YESTERDAY        0.00          0.10  -0.10     0.81
  MONTH TO DATE    2.50          1.71   0.79     2.21
  SINCE MAR 1      3.66          4.10  -0.44     2.59
  SINCE JAN 1      4.22          7.92  -3.70     4.11

SNOWFALL (IN)
  YESTERDAY        0.0
  MONTH TO DATE    0.0
  SINCE MAR 1      0.0
  SINCE JUL 1      0.0
  SNOW DEPTH       0

DEGREE DAYS
 HEATING
  YESTERDAY        0             0      0        0
  MONTH TO DATE    0             0      0        0
  SINCE MAR 1      1             6     -5        0
  SINCE JUL 1     62            81    -19        3

 COOLING
  YESTERDAY       17            13      4       13
  MONTH TO DATE  328           263     65      315
  SINCE MAR 1    584           546     38      662
  SINCE JAN 1   1083           928    155     1298
......................................................


WIND (MPH)
  HIGHEST WIND SPEED    15   HIGHEST WIND DIRECTION    SE (120)
  HIGHEST GUST SPEED    22   HIGHEST GUST DIRECTION    SE (130)
  AVERAGE WIND SPEED     9.2


SKY COVER
  POSSIBLE SUNSHINE  MM
  AVERAGE SKY COVER 0.1


WEATHER CONDITIONS
 THE FOLLOWING WEATHER WAS RECORDED YESTERDAY.
  NO SIGNIFICANT WEATHER WAS OBSERVED.


RELATIVE HUMIDITY (PERCENT)
 HIGHEST    85
 LOWEST     59
 AVERAGE    72

..........................................................


THE MARATHON CLIMATE NORMALS FOR TODAY
                         NORMAL
 MAXIMUM TEMPERATURE (F)   84
 MINIMUM TEMPERATURE (F)   73


SUNRISE AND SUNSET
APRIL 23 2018.........SUNRISE   655 AM EDT   SUNSET   750 PM EDT
APRIL 24 2018.........SUNRISE   654 AM EDT   SUNSET   751 PM EDT


-  INDICATES NEGATIVE NUMBERS.
R  INDICATES RECORD WAS SET OR TIED.
MM INDICATES DATA IS MISSING.
T  INDICATES TRACE AMOUNT.




$$

BS
