088
CDUS43 KILX 202132
CLIMTO


CLIMATE REPORT
NATIONAL WEATHER SERVICE LINCOLN IL
432 PM CDT SUN MAY 20 2018


...................................

...THE MATTOON IL AIRPORT CLIMATE SUMMARY FOR MAY 20 2018...
VALID TODAY AS OF 0400 PM LOCAL TIME.

CLIMATE NORMAL PERIOD 1981 TO 2010
CLIMATE RECORD PERIOD 9999 TO 9999


WEATHER ITEM   OBSERVED TIME   RECORD YEAR NORMAL DEPARTURE LAST
                VALUE   (LST)  VALUE       VALUE  FROM      YEAR
                                                  NORMAL
..................................................................
TEMPERATURE (F)
 TODAY
  MAXIMUM         81    251 PM  MM      MM  75      6       79
  MINIMUM         60    424 AM  MM      MM  54      6       54
  AVERAGE         71                        64      7       67

PRECIPITATION (IN)
  TODAY            0.09         MM      MM   0.15  -0.06     1.71
  MONTH TO DATE    3.37                      3.03   0.34     6.31
  SINCE MAR 1     11.90                      9.03   2.87    14.33
  SINCE JAN 1     15.32                     13.01   2.31    16.16

DEGREE DAYS
 HEATING
  TODAY            0                         4     -4        0
  MONTH TO DATE    9                       102    -93      118
  SINCE MAR 1   1363                      1160    203     1005
  SINCE JUL 1   5456                      5364     92     4386

 COOLING
  TODAY            6                         3      3        2
  MONTH TO DATE  112                        36     76       57
  SINCE MAR 1    112                        50     62       78
  SINCE JAN 1    112                        50     62       78
..................................................................


WIND (MPH)
  HIGHEST WIND SPEED    17   HIGHEST WIND DIRECTION     W (280)
  HIGHEST GUST SPEED    26   HIGHEST GUST DIRECTION     W (290)
  AVERAGE WIND SPEED     5.4


SKY COVER
  POSSIBLE SUNSHINE  MM
  AVERAGE SKY COVER 0.2


WEATHER CONDITIONS
 THE FOLLOWING WEATHER WAS RECORDED TODAY.
  RAIN
  FOG


RELATIVE HUMIDITY (PERCENT)
 HIGHEST    93           100 AM
 LOWEST     58           300 PM
 AVERAGE    76

..........................................................


THE MATTOON IL AIRPORT CLIMATE NORMALS FOR TOMORROW
                         NORMAL    RECORD    YEAR
 MAXIMUM TEMPERATURE (F)   75        MM        MM
 MINIMUM TEMPERATURE (F)   54        MM        MM


SUNRISE AND SUNSET
MAY 20 2018...........SUNRISE   535 AM CDT   SUNSET   805 PM CDT
MAY 21 2018...........SUNRISE   534 AM CDT   SUNSET   806 PM CDT


-  INDICATES NEGATIVE NUMBERS.
R  INDICATES RECORD WAS SET OR TIED.
MM INDICATES DATA IS MISSING.
T  INDICATES TRACE AMOUNT.




$$
