000
CDUS45 KBOI 250938
CLIMYL


CLIMATE REPORT
NATIONAL WEATHER SERVICE BOISE ID
337 AM MDT FRI MAY 25 2018


...................................

...THE MCCALL ID CLIMATE SUMMARY FOR MAY 24 2018...

CLIMATE NORMAL PERIOD 1981 TO 2010
CLIMATE RECORD PERIOD 1930 TO 2018


WEATHER ITEM   OBSERVED TIME   RECORD YEAR NORMAL DEPARTURE LAST
                VALUE   (LST)  VALUE       VALUE  FROM      YEAR
                                                  NORMAL
..................................................................
TEMPERATURE (F)
 YESTERDAY
  MAXIMUM         69    222 PM  84    2001  61      8       60
  MINIMUM         50   1155 PM  24    2002  35     15       42
                                      1989
  AVERAGE         60                        48     12       51

PRECIPITATION (IN)
  YESTERDAY        0.06          0.84 1962   0.08  -0.02     0.00
  MONTH TO DATE    1.36                      1.69  -0.33     1.65
  SINCE OCT 1     20.08                     15.46   4.62    27.92
  SINCE JAN 1     13.23                      9.28   3.95    19.43

DEGREE DAYS
 HEATING
  YESTERDAY        5                        17    -12       14
  MONTH TO DATE  291                       479   -188      430
  SINCE MAR 1   2132                      2439   -307     2198
  SINCE JUL 1   7975                      9114  -1139     8401

 COOLING
  YESTERDAY        0                         0      0        0
  MONTH TO DATE    0                         0      0        0
  SINCE MAR 1      0                         0      0        0
  SINCE JAN 1      0                         0      0        0
..................................................................


WIND (MPH)
  HIGHEST WIND SPEED    13   HIGHEST WIND DIRECTION     W (290)
  HIGHEST GUST SPEED    15   HIGHEST GUST DIRECTION     W (290)
  AVERAGE WIND SPEED     4.6


SKY COVER
  AVERAGE SKY COVER 0.8


WEATHER CONDITIONS
 THE FOLLOWING WEATHER WAS RECORDED YESTERDAY.
  LIGHT RAIN


RELATIVE HUMIDITY (PERCENT)
 HIGHEST    93           900 PM
 LOWEST     58           100 PM
 AVERAGE    76

..........................................................


THE MCCALL ID CLIMATE NORMALS FOR TODAY
                         NORMAL    RECORD    YEAR
 MAXIMUM TEMPERATURE (F)   61        87      1928
 MINIMUM TEMPERATURE (F)   35        18      1975


SUNRISE AND SUNSET
MAY 25 2018...........SUNRISE   606 AM MDT   SUNSET   917 PM MDT
MAY 26 2018...........SUNRISE   605 AM MDT   SUNSET   918 PM MDT


-  INDICATES NEGATIVE NUMBERS.
R  INDICATES RECORD WAS SET OR TIED.
MM INDICATES DATA IS MISSING.
T  INDICATES TRACE AMOUNT.




$$
