000
CDUS44 KLIX 200706
CLINEW


CLIMATE REPORT
NATIONAL WEATHER SERVICE NEW ORLEANS
205 AM CDT SUN MAY 20 2018


...................................

...THE NEW ORLEANS CLIMATE SUMMARY FOR MAY 19 2018...

CLIMATE NORMAL PERIOD 1981 TO 2010
CLIMATE RECORD PERIOD 1946 TO 2018


WEATHER ITEM   OBSERVED TIME   RECORD YEAR NORMAL DEPARTURE LAST
                VALUE   (LST)  VALUE       VALUE  FROM      YEAR
                                                  NORMAL
..................................................................
TEMPERATURE (F)
 YESTERDAY
  MAXIMUM         91    302 PM  92    1998  86      5       89
  MINIMUM         69    427 AM  55    1976  69      0       74
  AVERAGE         80                        78      2       82

PRECIPITATION (IN)
  YESTERDAY        0.00          2.18 1952   0.13  -0.13      T
  MONTH TO DATE    0.24                      2.64  -2.40     6.24
  SINCE MAR 1      9.06                     11.80  -2.74    14.57
  SINCE JAN 1     16.70                     22.25  -5.55    22.21

SNOWFALL (IN)
  YESTERDAY        0.0
  MONTH TO DATE    0.0
  SINCE MAR 1      0.0
  SINCE JUL 1      T
  SNOW DEPTH       0

DEGREE DAYS
 HEATING
  YESTERDAY        0                         0      0        0
  MONTH TO DATE    0                         0      0        5
  SINCE MAR 1    120                       170    -50       74
  SINCE JUL 1   1119                      1279   -160      635

 COOLING
  YESTERDAY       15                        12      3       17
  MONTH TO DATE  268                       196     72      150
  SINCE MAR 1    474                       416     58      497
  SINCE JAN 1    623                       453    170      617
..................................................................


WIND (MPH)
  HIGHEST WIND SPEED    15   HIGHEST WIND DIRECTION     S (160)
  HIGHEST GUST SPEED    19   HIGHEST GUST DIRECTION    SE (150)
  AVERAGE WIND SPEED     6.6


SKY COVER
  POSSIBLE SUNSHINE  MM
  AVERAGE SKY COVER 0.4


WEATHER CONDITIONS
 THE FOLLOWING WEATHER WAS RECORDED YESTERDAY.
  FOG
  HAZE


RELATIVE HUMIDITY (PERCENT)
 HIGHEST    93          1200 AM
 LOWEST     47           300 PM
 AVERAGE    70

..........................................................


THE NEW ORLEANS CLIMATE NORMALS FOR TODAY
                         NORMAL    RECORD    YEAR
 MAXIMUM TEMPERATURE (F)   86        94      1998
 MINIMUM TEMPERATURE (F)   69        55      1976


SUNRISE AND SUNSET
MAY 20 2018...........SUNRISE   605 AM CDT   SUNSET   751 PM CDT
MAY 21 2018...........SUNRISE   604 AM CDT   SUNSET   751 PM CDT


-  INDICATES NEGATIVE NUMBERS.
R  INDICATES RECORD WAS SET OR TIED.
MM INDICATES DATA IS MISSING.
T  INDICATES TRACE AMOUNT.




$$
