000
CDUS41 KOKX 270624
CLINYC


CLIMATE REPORT
NATIONAL WEATHER SERVICE NEW YORK NY
224 AM EDT SUN MAY 27 2018


...................................

...THE CENTRAL PARK NY CLIMATE SUMMARY FOR MAY 26 2018...

CLIMATE NORMAL PERIOD 1981 TO 2010
CLIMATE RECORD PERIOD 1869 TO 2018


WEATHER ITEM   OBSERVED TIME   RECORD YEAR NORMAL DEPARTURE LAST
                VALUE   (LST)  VALUE       VALUE  FROM      YEAR
                                                  NORMAL
..................................................................
TEMPERATURE (F)
 YESTERDAY
  MAXIMUM         89    214 PM  95    1880  74     15       73
  MINIMUM         72    611 AM  42    1967  57     15       56
  AVERAGE         81                        65     16       65

PRECIPITATION (IN)
  YESTERDAY        0.00          1.28 2003   0.15  -0.15     0.10
  MONTH TO DATE    2.99                      3.45  -0.46     6.16
  SINCE MAR 1     13.94                     12.31   1.63    15.25
  SINCE JAN 1     21.95                     19.05   2.90    22.56

SNOWFALL (IN)
  YESTERDAY        0.0           0.0  2002   0.0    0.0      0.0
                                      2001
  MONTH TO DATE    0.0                       0.0    0.0      0.0
  SINCE OCT 1     40.9                      25.8   15.1     30.2
  SINCE JUL 1     40.9                      25.8   15.1     30.2
  SNOW DEPTH       0

DEGREE DAYS
 HEATING
  YESTERDAY        0                         3     -3        0
  MONTH TO DATE   58                       127    -69      152
  SINCE MAR 1   1289                      1198     91     1206
  SINCE JUL 1   4535                      4720   -185     4189

 COOLING
  YESTERDAY       16                         3     13        0
  MONTH TO DATE  108                        41     67       53
  SINCE MAR 1    114                        53     61       87
  SINCE JAN 1    116                        53     63       87
..................................................................


WIND (MPH)
  HIGHEST WIND SPEED    14   HIGHEST WIND DIRECTION     W (250)
  HIGHEST GUST SPEED    20   HIGHEST GUST DIRECTION    SW (240)
  AVERAGE WIND SPEED     2.0


SKY COVER
  AVERAGE SKY COVER 0.1


WEATHER CONDITIONS
 THE FOLLOWING WEATHER WAS RECORDED YESTERDAY.
  NO SIGNIFICANT WEATHER WAS OBSERVED.


RELATIVE HUMIDITY (PERCENT)
 HIGHEST    74           800 AM
 LOWEST     43           200 PM
 AVERAGE    59

..........................................................


THE CENTRAL PARK NY CLIMATE NORMALS FOR TODAY
                         NORMAL    RECORD    YEAR
 MAXIMUM TEMPERATURE (F)   74        96      1880
 MINIMUM TEMPERATURE (F)   57        41      1961


SUNRISE AND SUNSET
MAY 27 2018...........SUNRISE   529 AM EDT   SUNSET   817 PM EDT
MAY 28 2018...........SUNRISE   529 AM EDT   SUNSET   818 PM EDT


-  INDICATES NEGATIVE NUMBERS.
R  INDICATES RECORD WAS SET OR TIED.
MM INDICATES DATA IS MISSING.
T  INDICATES TRACE AMOUNT.




$$
