000
CDUS46 KMTR 200828
CLIOAK


CLIMATE REPORT
NATIONAL WEATHER SERVICE SAN FRANCISCO BAY AREA
127 AM PDT SUN MAY 20 2018


...................................

...THE OAKLAND AIRPORT CLIMATE SUMMARY FOR MAY 19 2018...

CLIMATE NORMAL PERIOD 1981 TO 2010
CLIMATE RECORD PERIOD 1948 TO 2018


WEATHER ITEM   OBSERVED TIME   RECORD YEAR NORMAL DEPARTURE LAST
                VALUE   (LST)  VALUE       VALUE  FROM      YEAR
                                                  NORMAL
..................................................................
TEMPERATURE (F)
 YESTERDAY
  MAXIMUM         62    303 PM  88    1952  68     -6       83
  MINIMUM         53    546 AM  44    1950  51      2       53
  AVERAGE         58                        60     -2       68

PRECIPITATION (IN)
  YESTERDAY        0.00          0.48 2002   0.01  -0.01     0.00
  MONTH TO DATE    T                         0.52  -0.52      T
  SINCE OCT 1     14.98                     20.19  -5.21    28.45
  SINCE JAN 1     11.76                     12.88  -1.12    20.02

SNOWFALL (IN)
  YESTERDAY        0.0                                       0.0
  MONTH TO DATE    0.0                                       0.0
  SINCE MAR 1      0.0                                       0.0
  SINCE JUL 1      0.0                                       0.0

DEGREE DAYS
 HEATING
  YESTERDAY        7                         6      1        0
  MONTH TO DATE  112                       117     -5       61
  SINCE MAR 1    717                       681     36      426
  SINCE JUL 1   2462                      2703   -241     1955

 COOLING
  YESTERDAY        0                         0      0        3
  MONTH TO DATE    0                         0      0       24
  SINCE MAR 1      0                         6     -6       26
  SINCE JAN 1      0                         6     -6       26
..................................................................


WIND (MPH)
  RESULTANT WIND SPEED  19   RESULTANT WIND DIRECTION   W (260)
  HIGHEST WIND SPEED    29   HIGHEST WIND DIRECTION     W (260)
  HIGHEST GUST SPEED    35   HIGHEST GUST DIRECTION     W (260)
  AVERAGE WIND SPEED    18.9


SKY COVER
  POSSIBLE SUNSHINE  MM
  AVERAGE SKY COVER 0.8


WEATHER CONDITIONS
 THE FOLLOWING WEATHER WAS RECORDED YESTERDAY.
  NO SIGNIFICANT WEATHER WAS OBSERVED.


RELATIVE HUMIDITY (PERCENT)
 HIGHEST    89          1200 AM
 LOWEST     64          1200 PM
 AVERAGE    77

..........................................................


THE OAKLAND AIRPORT CLIMATE NORMALS FOR TODAY
                         NORMAL    RECORD    YEAR
 MAXIMUM TEMPERATURE (F)   68        85      2017
 MINIMUM TEMPERATURE (F)   51        46      1953


SUNRISE AND SUNSET
MAY 20 2018...........SUNRISE   555 AM PDT   SUNSET   816 PM PDT
MAY 21 2018...........SUNRISE   555 AM PDT   SUNSET   817 PM PDT


-  INDICATES NEGATIVE NUMBERS.
R  INDICATES RECORD WAS SET OR TIED.
MM INDICATES DATA IS MISSING.
T  INDICATES TRACE AMOUNT.




$$
