000
CDUS43 KEAX 260632
CLIOJC


CLIMATE REPORT
NATIONAL WEATHER SERVICE KANSAS CITY/PLEASANT HILL MO
132 AM CDT THU APR 26 2018


...................................

...THE JOHNSON COUNTY EXECUTIVE KS CLIMATE SUMMARY FOR APRIL 25 2018...

CLIMATE NORMAL PERIOD 1981 TO 2010
CLIMATE RECORD PERIOD 9999 TO 9999


WEATHER ITEM   OBSERVED TIME   NORMAL DEPARTURE LAST
                VALUE   (LST)  VALUE  FROM      YEAR
                                      NORMAL
......................................................
TEMPERATURE (F)
 YESTERDAY
  MAXIMUM         59   1202 AM  68     -9       72
  MINIMUM         43   1139 PM  48     -5       50
  AVERAGE         51            58     -7       61

PRECIPITATION (IN)
  YESTERDAY        0.37          0.15   0.22     0.04
  MONTH TO DATE    0.92          3.08  -2.16     2.60
  SINCE MAR 1      4.15          5.71  -1.56     4.91
  SINCE JAN 1      5.56          8.40  -2.84     5.83

DEGREE DAYS
 HEATING
  YESTERDAY       14             8      6        4
  MONTH TO DATE  495           281    214      185
  SINCE MAR 1   1140           905    235      702
  SINCE JUL 1   5028          4798    230     3842

 COOLING
  YESTERDAY        0             1     -1        0
  MONTH TO DATE    4            17    -13       17
  SINCE MAR 1      4            18    -14       26
  SINCE JAN 1      4            18    -14       26
......................................................


WIND (MPH)
  HIGHEST WIND SPEED    17   HIGHEST WIND DIRECTION     N (10)
  HIGHEST GUST SPEED    21   HIGHEST GUST DIRECTION     N (360)
  AVERAGE WIND SPEED     8.1


SKY COVER
  AVERAGE SKY COVER 1.0


WEATHER CONDITIONS
 THE FOLLOWING WEATHER WAS RECORDED YESTERDAY.
  RAIN
  LIGHT RAIN
  FOG
  FOG W/VISIBILITY <= 1/4 MILE


RELATIVE HUMIDITY (PERCENT)
 HIGHEST   100           100 PM
 LOWEST     62          1200 AM
 AVERAGE    81

..........................................................


THE JOHNSON COUNTY EXECUTIVE KS CLIMATE NORMALS FOR TODAY
                         NORMAL
 MAXIMUM TEMPERATURE (F)   68
 MINIMUM TEMPERATURE (F)   49


SUNRISE AND SUNSET
APRIL 26 2018.........SUNRISE   627 AM CDT   SUNSET   807 PM CDT
APRIL 27 2018.........SUNRISE   626 AM CDT   SUNSET   808 PM CDT


-  INDICATES NEGATIVE NUMBERS.
R  INDICATES RECORD WAS SET OR TIED.
MM INDICATES DATA IS MISSING.
T  INDICATES TRACE AMOUNT.




$$
