000
CDUS44 KOUN 250638
CLIOKC

CLIMATE REPORT
NATIONAL WEATHER SERVICE NORMAN OK
135 AM CDT WED APR 25 2018


...................................

...THE OKLAHOMA CITY CLIMATE SUMMARY FOR APRIL 24 2018...

CLIMATE NORMAL PERIOD 1981 TO 2010
CLIMATE RECORD PERIOD 1890 TO 2018


WEATHER ITEM   OBSERVED TIME   RECORD YEAR NORMAL DEPARTURE LAST
                VALUE   (LST)  VALUE       VALUE  FROM      YEAR
                                                  NORMAL
..................................................................
TEMPERATURE (F)
 YESTERDAY
  MAXIMUM         78    335 PM  89    1901  75      3       76
  MINIMUM         50    229 AM  31    2013  53     -3       42
  AVERAGE         64                        64      0       59

PRECIPITATION (IN)
  YESTERDAY        0.00          1.67 1948   0.12  -0.12     0.00
  MONTH TO DATE    1.51                      2.29  -0.78     3.49
  SINCE MAR 1      2.12                      5.35  -3.23     6.09
  SINCE JAN 1      4.95                      8.32  -3.37    10.78

SNOWFALL (IN)
  YESTERDAY        0.0           0.0    MM   0.0    0.0      0.0
  MONTH TO DATE    T                         0.0    0.0      0.0
  SINCE MAR 1      T                         0.9   -0.9      0.0
  SINCE JUL 1      0.4                       7.6   -7.2      2.1
  SNOW DEPTH       0

DEGREE DAYS
 HEATING
  YESTERDAY        1                         4     -3        6
  MONTH TO DATE  301                       154    147       95
  SINCE MAR 1    656                       563     93      379
  SINCE JUL 1   3525                      3313    212     2599

 COOLING
  YESTERDAY        0                         2     -2        0
  MONTH TO DATE   20                        36    -16       36
  SINCE MAR 1     26                        48    -22       84
  SINCE JAN 1     30                        49    -19       93
..................................................................


WIND (MPH)
  HIGHEST WIND SPEED    24   HIGHEST WIND DIRECTION     N (360)
  HIGHEST GUST SPEED    31   HIGHEST GUST DIRECTION     N (10)
  AVERAGE WIND SPEED     8.6


SKY COVER
  AVERAGE SKY COVER 0.4


WEATHER CONDITIONS
 THE FOLLOWING WEATHER WAS RECORDED YESTERDAY.
  NO SIGNIFICANT WEATHER WAS OBSERVED.


RELATIVE HUMIDITY (PERCENT)
 HIGHEST    83           500 AM
 LOWEST     33           300 PM
 AVERAGE    58

..........................................................


THE OKLAHOMA CITY CLIMATE NORMALS FOR TODAY
                         NORMAL    RECORD    YEAR
 MAXIMUM TEMPERATURE (F)   75        91      1939
 MINIMUM TEMPERATURE (F)   53        35      2013
                                             1910


SUNRISE AND SUNSET
APRIL 25 2018.........SUNRISE   646 AM CDT   SUNSET   812 PM CDT
APRIL 26 2018.........SUNRISE   644 AM CDT   SUNSET   812 PM CDT


-  INDICATES NEGATIVE NUMBERS.
R  INDICATES RECORD WAS SET OR TIED.
MM INDICATES DATA IS MISSING.
T  INDICATES TRACE AMOUNT.




$$
