000
CDAK49 PAFG 251435
CLIOME

CLIMATE REPORT
NATIONAL WEATHER SERVICE FAIRBANKS AK
635 AM AKDT FRI MAY 25 2018


...................................

...THE NOME AK CLIMATE SUMMARY FOR MAY 24 2018...

CLIMATE NORMAL PERIOD 1981 TO 2010
CLIMATE RECORD PERIOD 1906 TO 2018


WEATHER ITEM   OBSERVED TIME   RECORD YEAR NORMAL DEPARTURE LAST
                VALUE   (LST)  VALUE       VALUE  FROM      YEAR
                                                  NORMAL
..................................................................
TEMPERATURE (F)
 YESTERDAY
  MAXIMUM         51    330 PM  68    1969  47      4       40
  MINIMUM         32    435 AM  14    1920  34     -2       33
  AVERAGE         42                        40      2       37

PRECIPITATION (IN)
  YESTERDAY        0.00          0.62 1918   0.02  -0.02     0.39
  MONTH TO DATE    0.30                      0.66  -0.36     0.58
  SINCE MAR 1      3.70                      2.07   1.63     0.74
  SINCE JAN 1      5.62                      3.94   1.68     2.49

SNOWFALL (IN)
  YESTERDAY        0.0           0.6  2000   0.1   -0.1       T
  MONTH TO DATE    T                         2.1   -2.1       T
  SINCE MAR 1     42.5                      18.5   24.0      2.0
  SINCE JUL 1    115.8                      75.2   40.6     54.2
  SNOW DEPTH       T

DEGREE DAYS
 HEATING
  YESTERDAY       23                        25     -2       28
  MONTH TO DATE  698                       712    -14      629
  SINCE MAR 1   3333                      3743   -410     3646
  SINCE JUL 1  11514                     13022  -1508    12441

 COOLING
  YESTERDAY        0                         0      0        0
  MONTH TO DATE    0                         0      0        0
  SINCE MAR 1      0                         0      0        0
  SINCE JAN 1      0                         0      0        0
..................................................................


WIND (MPH)
  HIGHEST GUST SPEED    17   HIGHEST GUST DIRECTION     N (340)


SKY COVER
  AVERAGE SKY COVER 0.1


WEATHER CONDITIONS
 THE FOLLOWING WEATHER WAS RECORDED YESTERDAY.
  NO SIGNIFICANT WEATHER WAS OBSERVED.


RELATIVE HUMIDITY (PERCENT)
 HIGHEST    85
 LOWEST     50
 AVERAGE    68

..........................................................


THE NOME AK CLIMATE NORMALS FOR TODAY
                         NORMAL    RECORD    YEAR
 MAXIMUM TEMPERATURE (F)   47        75      1969
 MINIMUM TEMPERATURE (F)   34        21      1976


SUNRISE AND SUNSET
MAY 25 2018...........SUNRISE   510 AM AKDT  SUNSET  1251 AM AKDT
MAY 26 2018...........SUNRISE   507 AM AKDT  SUNSET  1254 AM AKDT

-  INDICATES NEGATIVE NUMBERS.
R  INDICATES RECORD WAS SET OR TIED.
MM INDICATES DATA IS MISSING.
T  INDICATES TRACE AMOUNT.

&&

SNOW DEPTH IS MEASURED AT 3AM AKST/4AM AKDT.

----------------------------
AVAILABLE DAYLIGHT

AMOUNT OF DAYLIGHT TODAY  (HOUR:MIN)........19:38
GAIN/LOSS SINCE YESTERDAY (HOUR:MIN:SEC)....+0:06:24

NOME TIDAL INFORMATION FOR 25 MAY 2018
0201  +0.6
0800  -0.4
1448  +1.0
2113  -0.2

$$
HFL MAY 18
