000
CDUS41 KAKQ 220745
CLIORF


CLIMATE REPORT
NATIONAL WEATHER SERVICE WAKEFIELD, VA
345 AM EDT TUE MAY 22 2018


...................................

...THE NORFOLK VA CLIMATE SUMMARY FOR MAY 21 2018...

CLIMATE NORMAL PERIOD 1981 TO 2010
CLIMATE RECORD PERIOD 1871 TO 2018


WEATHER ITEM   OBSERVED TIME   RECORD YEAR NORMAL DEPARTURE LAST
                VALUE   (LST)  VALUE       VALUE  FROM      YEAR
                                                  NORMAL
..................................................................
TEMPERATURE (F)
 YESTERDAY
  MAXIMUM         79    840 AM  94    1996  77      2       66
                                      1877
  MINIMUM         66    917 PM  45    1956  59      7       60
  AVERAGE         73                        68      5       63

PRECIPITATION (IN)
  YESTERDAY        T             2.13 1895   0.11  -0.11      T
  MONTH TO DATE    5.39                      2.20   3.19     3.98
  SINCE MAR 1     12.68                      9.29   3.39    12.17
  SINCE JAN 1     17.92                     15.81   2.11    17.24

SNOWFALL (IN)
  YESTERDAY        0.0           0.0  2002   0.0    0.0
                                      2001
  MONTH TO DATE    0.0                       0.0    0.0
  SINCE NOV 1     15.1                       5.8    9.3
  SINCE JUL 1     15.1                       5.8    9.3
  SNOW DEPTH       0

DEGREE DAYS
 HEATING
  YESTERDAY        0                         2     -2        2
  MONTH TO DATE   15                        61    -46       42
  SINCE MAR 1    835                       792     43      608
  SINCE JUL 1   3189                      3361   -172     2660

 COOLING
  YESTERDAY        8                         5      3        0
  MONTH TO DATE  165                        65    100       91
  SINCE MAR 1    199                       108     91      251
  SINCE JAN 1    214                       109    105      254
..................................................................


WIND (MPH)
  HIGHEST WIND SPEED    18   HIGHEST WIND DIRECTION     E (70)
  HIGHEST GUST SPEED    23   HIGHEST GUST DIRECTION    NE (30)
  AVERAGE WIND SPEED     8.5


SKY COVER
  POSSIBLE SUNSHINE  MM
  AVERAGE SKY COVER 0.7


WEATHER CONDITIONS
 THE FOLLOWING WEATHER WAS RECORDED YESTERDAY.
  LIGHT RAIN


RELATIVE HUMIDITY (PERCENT)
 HIGHEST   100           300 AM
 LOWEST     76           200 PM
 AVERAGE    88

..........................................................


THE NORFOLK VA CLIMATE NORMALS FOR TODAY
                         NORMAL    RECORD    YEAR
 MAXIMUM TEMPERATURE (F)   77        97      1941
 MINIMUM TEMPERATURE (F)   60        44      1950


SUNRISE AND SUNSET
MAY 22 2018...........SUNRISE   552 AM EDT   SUNSET   811 PM EDT
MAY 23 2018...........SUNRISE   551 AM EDT   SUNSET   812 PM EDT


-  INDICATES NEGATIVE NUMBERS.
R  INDICATES RECORD WAS SET OR TIED.
MM INDICATES DATA IS MISSING.
T  INDICATES TRACE AMOUNT.




$$
