000
CDUS45 KLKN 240933
CLIP68


CLIMATE REPORT
NATIONAL WEATHER SERVICE ELKO NV
228 AM PDT THU MAY 24 2018


...................................

...THE EUREKA AIRPORT NV CLIMATE SUMMARY FOR MAY 23 2018...

CLIMATE NORMAL PERIOD 1981 TO 2010
CLIMATE RECORD PERIOD 1963 TO 2018


WEATHER ITEM   OBSERVED TIME   RECORD YEAR NORMAL DEPARTURE LAST
                VALUE   (LST)  VALUE       VALUE  FROM      YEAR
                                                  NORMAL
..................................................................
TEMPERATURE (F)
 YESTERDAY
  MAXIMUM         67    219 PM  87    2001  72     -5       83
  MINIMUM         46    447 AM  22    2007  35     11       39
  AVERAGE         57                        54      3       61

PRECIPITATION (IN)
  YESTERDAY        0.02          0.66 2011   0.03  -0.01     0.00
  MONTH TO DATE    1.16                      0.56   0.60     0.39
  SINCE OCT 1      7.16                      6.19   0.97     8.95
  SINCE JAN 1      5.97                      4.06   1.91     6.86

DEGREE DAYS
 HEATING
  YESTERDAY        8                        12     -4        4
  MONTH TO DATE  292                       328    -36      299
  SINCE MAR 1   1881                      1847     34     1631
  SINCE JUL 1   6531                      7132   -601     6491

 COOLING
  YESTERDAY        0                         0      0        0
  MONTH TO DATE    0                         0      0        0
  SINCE MAR 1      0                         0      0        0
  SINCE JAN 1      0                         0      0        0
..................................................................


WIND (MPH)
  HIGHEST WIND SPEED    26   HIGHEST WIND DIRECTION     S (180)
  HIGHEST GUST SPEED    31   HIGHEST GUST DIRECTION     S (180)
  AVERAGE WIND SPEED     5.1




RELATIVE HUMIDITY (PERCENT)
 HIGHEST    93           200 AM
 LOWEST     37          1000 AM
 AVERAGE    65

..........................................................


THE EUREKA AIRPORT NV CLIMATE NORMALS FOR TODAY
                         NORMAL    RECORD    YEAR
 MAXIMUM TEMPERATURE (F)   72        88      2001
 MINIMUM TEMPERATURE (F)   36        22      2010
                                             1989


SUNRISE AND SUNSET
MAY 24 2018...........SUNRISE   523 AM PDT   SUNSET   759 PM PDT
MAY 25 2018...........SUNRISE   522 AM PDT   SUNSET   800 PM PDT


-  INDICATES NEGATIVE NUMBERS.
R  INDICATES RECORD WAS SET OR TIED.
MM INDICATES DATA IS MISSING.
T  INDICATES TRACE AMOUNT.




$$
