000
CDUS42 KMFL 212017
CLIPBI


CLIMATE REPORT
NATIONAL WEATHER SERVICE MIAMI, FL
417 PM EDT MON MAY 21 2018


...................................

...THE WEST PALM BEACH CLIMATE SUMMARY FOR MAY 21 2018...
VALID TODAY AS OF 0400 PM LOCAL TIME.

CLIMATE NORMAL PERIOD 1981 TO 2010
CLIMATE RECORD PERIOD 1888 TO 2018


WEATHER ITEM   OBSERVED TIME   RECORD YEAR NORMAL DEPARTURE LAST
                VALUE   (LST)  VALUE       VALUE  FROM      YEAR
                                                  NORMAL
..................................................................
TEMPERATURE (F)
 TODAY
  MAXIMUM         84   1150 AM  96    2008  86     -2       87
  MINIMUM         71    222 AM  55    1894  72     -1       75
  AVERAGE         78                        79     -1       81

PRECIPITATION (IN)
  TODAY            0.15          3.17 1901   0.17  -0.02     0.00
  MONTH TO DATE    7.50                      2.44   5.06     1.43
  SINCE NOV 1     23.65                     24.77  -1.12    14.70
  SINCE JAN 1     20.21                     16.64   3.57    10.23

SNOWFALL (IN)
  TODAY            0.0
  MONTH TO DATE    0.0
  SINCE MAR 1      0.0
  SINCE JUL 1      0.0
  SNOW DEPTH       0

DEGREE DAYS
 HEATING
  TODAY            0                         0      0        0
  MONTH TO DATE    0                         0      0        0
  SINCE MAR 1     39                        28     11       16
  SINCE JUL 1    179                       233    -54       68

 COOLING
  TODAY           13                        14     -1       16
  MONTH TO DATE  258                       264     -6      284
  SINCE MAR 1    686                       724    -38      817
  SINCE JAN 1   1092                       959    133     1157
..................................................................


WIND (MPH)
  HIGHEST WIND SPEED    26   HIGHEST WIND DIRECTION     S (160)
  HIGHEST GUST SPEED    34   HIGHEST GUST DIRECTION     S (160)
  AVERAGE WIND SPEED    16.7


SKY COVER
  AVERAGE SKY COVER 0.5


WEATHER CONDITIONS
 THE FOLLOWING WEATHER WAS RECORDED TODAY.
  LIGHT RAIN
  FOG


RELATIVE HUMIDITY (PERCENT)
 HIGHEST    94
 LOWEST     69
 AVERAGE    82

..........................................................


THE WEST PALM BEACH CLIMATE NORMALS FOR TOMORROW
                         NORMAL    RECORD    YEAR
 MAXIMUM TEMPERATURE (F)   87        95      1962
                                             1961
 MINIMUM TEMPERATURE (F)   72        56      1919


SUNRISE AND SUNSET
MAY 21 2018...........SUNRISE   630 AM EDT   SUNSET   804 PM EDT
MAY 22 2018...........SUNRISE   630 AM EDT   SUNSET   805 PM EDT


-  INDICATES NEGATIVE NUMBERS.
R  INDICATES RECORD WAS SET OR TIED.
MM INDICATES DATA IS MISSING.
T  INDICATES TRACE AMOUNT.




$$
