000
CDUS41 KPBZ 260710
CLIPHD


CLIMATE REPORT
NATIONAL WEATHER SERVICE PITTSBURGH PA
309 AM EDT SAT MAY 26 2018


...................................

...THE NEW PHILADELPHIA OH CLIMATE SUMMARY FOR MAY 25 2018...

CLIMATE NORMAL PERIOD 1981 TO 2010
CLIMATE RECORD PERIOD 1948 TO 2018


WEATHER ITEM   OBSERVED TIME   RECORD YEAR NORMAL DEPARTURE LAST
                VALUE   (LST)  VALUE       VALUE  FROM      YEAR
                                                  NORMAL
..................................................................
TEMPERATURE (F)
 YESTERDAY
  MAXIMUM         86    511 PM  88    2012  75     11       62
                                      1966
  MINIMUM         54            32    2013  51      3       58
  AVERAGE         70                        63      7       60

PRECIPITATION (IN)
  YESTERDAY        0.00          1.30 1995   0.15  -0.15     0.32
  MONTH TO DATE    2.12                      3.28  -1.16     4.61
  SINCE JUN 1     37.40                     38.01  -0.61    40.45
  SINCE JAN 1     16.88                     14.71   2.17    19.87

DEGREE DAYS
 HEATING
  YESTERDAY        0                         4     -4        5
  MONTH TO DATE   19                       172   -153      168
  SINCE MAR 1   1496                      1380    116     1186
  SINCE JUL 1   5586                      5587     -1     4683

 COOLING
  YESTERDAY        5                         2      3        0
  MONTH TO DATE   80                        21     59       26
  SINCE MAR 1     88                        28     60       51
  SINCE JAN 1     93                        28     65       51
..................................................................


WIND (MPH)
  HIGHEST WIND SPEED    12   HIGHEST WIND DIRECTION     S (200)
  HIGHEST GUST SPEED    16   HIGHEST GUST DIRECTION     S (200)
  AVERAGE WIND SPEED     2.6


SKY COVER
  POSSIBLE SUNSHINE  MM
  AVERAGE SKY COVER 0.0


WEATHER CONDITIONS
 THE FOLLOWING WEATHER WAS RECORDED YESTERDAY.
  FOG


RELATIVE HUMIDITY (PERCENT)
 HIGHEST    93          1200 AM
 LOWEST     32           500 PM
 AVERAGE    63

..........................................................


THE NEW PHILADELPHIA OH CLIMATE NORMALS FOR TODAY
                         NORMAL    RECORD    YEAR
 MAXIMUM TEMPERATURE (F)   75        90      2012
                                             1975
 MINIMUM TEMPERATURE (F)   51        31      1969


SUNRISE AND SUNSET
MAY 26 2018...........SUNRISE   601 AM EDT   SUNSET   845 PM EDT
MAY 27 2018...........SUNRISE   600 AM EDT   SUNSET   846 PM EDT


-  INDICATES NEGATIVE NUMBERS.
R  INDICATES RECORD WAS SET OR TIED.
MM INDICATES DATA IS MISSING.
T  INDICATES TRACE AMOUNT.




$$
