000
CDUS46 KPDT 230835 RRA
CLIPSC

CLIMATE REPORT
NATIONAL WEATHER SERVICE PENDLETON OR
133 AM PDT WED MAY 23 2018


...................................

...THE PASCO WA CLIMATE SUMMARY FOR MAY 22 2018...

CLIMATE NORMAL PERIOD 1981 TO 2010
CLIMATE RECORD PERIOD 1948 TO 2018


WEATHER ITEM   OBSERVED TIME   RECORD YEAR NORMAL DEPARTURE LAST
                VALUE   (LST)  VALUE       VALUE  FROM      YEAR
                                                  NORMAL
..................................................................
TEMPERATURE (F)
 YESTERDAY
  MAXIMUM         89    338 PM  98    1910  77     12       90
  MINIMUM         52    440 AM  34    1920  48      4       46
                                      1918
  AVERAGE         71                        63      8       68

PRECIPITATION (IN)
  YESTERDAY        0.00          0.53 1933   0.02  -0.02     0.00
  MONTH TO DATE    0.76                      0.45   0.31     0.48
  SINCE OCT 1      6.69                      6.92  -0.23     9.44
  SINCE JAN 1      3.97                      3.97   0.00     5.67

SNOWFALL (IN)
  YESTERDAY        0.0
  SNOW DEPTH      MM

DEGREE DAYS
 HEATING
  YESTERDAY        0                         4     -4        0
  MONTH TO DATE   30                       138   -108      141
  SINCE MAR 1   1001                      1079    -78     1046
  SINCE JUL 1   4704                      4962   -258     5368

 COOLING
  YESTERDAY        6                         1      5        3
  MONTH TO DATE   56                        14     42       12
  SINCE MAR 1     57                        15     42       12
  SINCE JAN 1     57                        15     42       12
..................................................................


WIND (MPH)
  RESULTANT WIND SPEED   5   RESULTANT WIND DIRECTION   N (340)
  HIGHEST WIND SPEED    15   HIGHEST WIND DIRECTION    NW (320)
  HIGHEST GUST SPEED    20   HIGHEST GUST DIRECTION    NW (320)


SKY COVER
  POSSIBLE SUNSHINE  MM
  AVERAGE SKY COVER 0.1


WEATHER CONDITIONS
 THE FOLLOWING WEATHER WAS RECORDED YESTERDAY.
  FOG


RELATIVE HUMIDITY (PERCENT)
 HIGHEST    93
 LOWEST     34
 AVERAGE    64

..........................................................


THE PASCO WA CLIMATE NORMALS FOR TODAY
                         NORMAL    RECORD    YEAR
 MAXIMUM TEMPERATURE (F)   77       101      2001
 MINIMUM TEMPERATURE (F)   48        35      1964


SUNRISE AND SUNSET
MAY 23 2018...........SUNRISE   515 AM PDT   SUNSET   832 PM PDT
MAY 24 2018...........SUNRISE   514 AM PDT   SUNSET   833 PM PDT


-  INDICATES NEGATIVE NUMBERS.
R  INDICATES RECORD WAS SET OR TIED.
MM INDICATES DATA IS MISSING.
T  INDICATES TRACE AMOUNT.




$$
