000
CDUS46 KSTO 260844
CLIRDD

CLIMATE REPORT
NATIONAL WEATHER SERVICE SACRAMENTO, CA
143 AM PDT THU APR 26 2018


...................................

...THE REDDING AIRPORT CA CLIMATE SUMMARY FOR APRIL 25 2018...

CLIMATE NORMAL PERIOD 1981 TO 2010
CLIMATE RECORD PERIOD 1986 TO 2018


WEATHER ITEM   OBSERVED RECORD YEAR NORMAL DEPARTURE LAST
                VALUE   VALUE       VALUE  FROM      YEAR
                                           NORMAL
...........................................................
TEMPERATURE (F)
 YESTERDAY
  MAXIMUM         87     90    2004  73     14       67
                               1987
  MINIMUM         51     40    2009  48      3       47
                               1994
                               1991
  AVERAGE         69

PRECIPITATION (IN)
  YESTERDAY        0.00   0.82 1994   0.08  -0.08     0.02
  MONTH TO DATE    4.05               2.11   1.94     3.84
  SINCE OCT 1     18.58              30.80 -12.22    46.14
  SINCE JAN 1     12.91              17.95  -5.04    27.41

SNOWFALL (IN)
  YESTERDAY        0.0   MM      MM  MM               0.0
  MONTH TO DATE    0.0               MM               0.0
  SINCE MAR 1      0.0               MM               0.0
  SINCE JUL 1      0.0               MM               3.0

DEGREE DAYS
 HEATING
  YESTERDAY        0

 COOLING
  YESTERDAY        4
...........................................................


WIND (MPH)
  RESULTANT WIND SPEED   1   RESULTANT WIND DIRECTION   E (70)
  HIGHEST WIND SPEED     9   HIGHEST WIND DIRECTION     E (110)
  HIGHEST GUST SPEED    11   HIGHEST GUST DIRECTION    NE (60)


SKY COVER
  POSSIBLE SUNSHINE  MM
  AVERAGE SKY COVER 0.0


WEATHER CONDITIONS
 THE FOLLOWING WEATHER WAS RECORDED YESTERDAY.
  NO SIGNIFICANT WEATHER WAS OBSERVED.


RELATIVE HUMIDITY (PERCENT)
 HIGHEST    89
 LOWEST     23
 AVERAGE    56

..........................................................


THE REDDING AIRPORT CA CLIMATE NORMALS FOR TODAY
                         NORMAL    RECORD    YEAR
 MAXIMUM TEMPERATURE (F)   74        95      2004
 MINIMUM TEMPERATURE (F)   48        34      1994


SUNRISE AND SUNSET
APRIL 26 2018.........SUNRISE   615 AM PDT   SUNSET   800 PM PDT
APRIL 27 2018.........SUNRISE   613 AM PDT   SUNSET   801 PM PDT


-  INDICATES NEGATIVE NUMBERS.
R  INDICATES RECORD WAS SET OR TIED.
MM INDICATES DATA IS MISSING.
T  INDICATES TRACE AMOUNT.




&&
....................................................................

REDDING CITY CLIMATE DATA FOR APRIL 25

CLIMATE RECORD PERIOD 1897-1986

RECORD HIGH..............     98 IN 1926
RECORD LOW...............     32 IN 1984

RECORD RAINFALL..........   1.15 IN 1978

$$

NNNN
