000
CDUS41 KPHI 270556
CLIRDG


CLIMATE REPORT
NATIONAL WEATHER SERVICE MOUNT HOLLY NJ
156 AM EDT SUN MAY 27 2018


...................................

...THE READING PA CLIMATE SUMMARY FOR MAY 26 2018...

CLIMATE NORMAL PERIOD 1981 TO 2010
CLIMATE RECORD PERIOD 1869 TO 2018


WEATHER ITEM   OBSERVED TIME   RECORD YEAR NORMAL DEPARTURE LAST
                VALUE   (LST)  VALUE       VALUE  FROM      YEAR
                                                  NORMAL
..................................................................
TEMPERATURE (F)
 YESTERDAY
  MAXIMUM         90    353 PM  94    1914  75     15       75
  MINIMUM         66    508 AM  38    1972  53     13       58
  AVERAGE         78                        64     14       67

PRECIPITATION (IN)
  YESTERDAY        T             1.84 1997   0.18  -0.18     0.01
  MONTH TO DATE    4.62                      3.42   1.20     3.22
  SINCE MAR 1     11.00                     10.67   0.33     9.53
  SINCE JAN 1     19.78                     16.20   3.58    12.92

DEGREE DAYS
 HEATING
  YESTERDAY        0                         3     -3        0
  MONTH TO DATE   52                       156   -104      165
  SINCE MAR 1   1390                      1312     78     1193
  SINCE JUL 1   5179                      5354   -175     4555

 COOLING
  YESTERDAY       13                         3     10        2
  MONTH TO DATE   75                        38     37       41
  SINCE MAR 1     85                        47     38       68
  SINCE JAN 1     86                        47     39       68
..................................................................


WIND (MPH)
  HIGHEST WIND SPEED    13   HIGHEST WIND DIRECTION     S (200)
  HIGHEST GUST SPEED    17   HIGHEST GUST DIRECTION     S (200)
  AVERAGE WIND SPEED     2.9


SKY COVER
  POSSIBLE SUNSHINE  MM
  AVERAGE SKY COVER 0.1


WEATHER CONDITIONS
 THE FOLLOWING WEATHER WAS RECORDED YESTERDAY.
  LIGHT RAIN


RELATIVE HUMIDITY (PERCENT)
 HIGHEST   100           500 AM
 LOWEST     44           500 PM
 AVERAGE    72

..........................................................


THE READING PA CLIMATE NORMALS FOR TODAY
                         NORMAL    RECORD    YEAR
 MAXIMUM TEMPERATURE (F)   76        93      1914
 MINIMUM TEMPERATURE (F)   54        35      1972


SUNRISE AND SUNSET
MAY 27 2018...........SUNRISE   538 AM EDT   SUNSET   824 PM EDT
MAY 28 2018...........SUNRISE   538 AM EDT   SUNSET   825 PM EDT


-  INDICATES NEGATIVE NUMBERS.
R  INDICATES RECORD WAS SET OR TIED.
MM INDICATES DATA IS MISSING.
T  INDICATES TRACE AMOUNT.




$$
