000
CDUS46 KPDT 190839
CLIRDM

CLIMATE REPORT
NATIONAL WEATHER SERVICE PENDLETON OR
128 AM PDT THU APR 19 2018


...................................

...THE REDMOND OR CLIMATE SUMMARY FOR APRIL 18 2018...

CLIMATE NORMAL PERIOD 1981 TO 2010
CLIMATE RECORD PERIOD 1949 TO 2018


WEATHER ITEM   OBSERVED TIME   RECORD YEAR NORMAL DEPARTURE LAST
                VALUE   (LST)  VALUE       VALUE  FROM      YEAR
                                                  NORMAL
..................................................................
TEMPERATURE (F)
 YESTERDAY
  MAXIMUM         51    248 PM  83    1962  60     -9       57
  MINIMUM         32    501 AM  10    1972  29      3       35
  AVERAGE         42                        44     -2       46

PRECIPITATION (IN)
  YESTERDAY        0.04          0.20 1965   0.03   0.01     0.18
  MONTH TO DATE    0.52                      0.41   0.11     0.68
  SINCE OCT 1      2.84                      5.45  -2.61     7.76
  SINCE JAN 1      1.73                      2.69  -0.96     4.01

DEGREE DAYS
 HEATING
  YESTERDAY       23                        20      3       19
  MONTH TO DATE  371                       391    -20      398
  SINCE MAR 1   1142                      1169    -27     1075
  SINCE JUL 1   5572                      5842   -270     5952

 COOLING
  YESTERDAY        0                         0      0        0
  MONTH TO DATE    0                         0      0        0
  SINCE MAR 1      0                         0      0        0
  SINCE JAN 1      0                         0      0        0
..................................................................


WIND (MPH)
  RESULTANT WIND SPEED   4   RESULTANT WIND DIRECTION   N (350)
  HIGHEST WIND SPEED    17   HIGHEST WIND DIRECTION    NE (30)
  HIGHEST GUST SPEED    20   HIGHEST GUST DIRECTION    NE (30)
  AVERAGE WIND SPEED     6.4


SKY COVER
  POSSIBLE SUNSHINE  MM
  AVERAGE SKY COVER 0.8


WEATHER CONDITIONS
 THE FOLLOWING WEATHER WAS RECORDED YESTERDAY.
  LIGHT RAIN
  FOG


RELATIVE HUMIDITY (PERCENT)
 HIGHEST    92          1100 PM
 LOWEST     42           200 PM
 AVERAGE    67

..........................................................


THE REDMOND OR CLIMATE NORMALS FOR TODAY
                         NORMAL    RECORD    YEAR
 MAXIMUM TEMPERATURE (F)   60        83      2016
 MINIMUM TEMPERATURE (F)   29        13      2008
                                             1964


SUNRISE AND SUNSET
APRIL 19 2018.........SUNRISE   614 AM PDT   SUNSET   754 PM PDT
APRIL 20 2018.........SUNRISE   612 AM PDT   SUNSET   755 PM PDT


-  INDICATES NEGATIVE NUMBERS.
R  INDICATES RECORD WAS SET OR TIED.
MM INDICATES DATA IS MISSING.
T  INDICATES TRACE AMOUNT.




$$
