000
CDUS41 KAKQ 250531
CLIRIC


CLIMATE REPORT
NATIONAL WEATHER SERVICE WAKEFIELD, VA
130 AM EDT WED APR 25 2018


...................................

...THE RICHMOND VA CLIMATE SUMMARY FOR APRIL 24 2018...

CLIMATE NORMAL PERIOD 1981 TO 2010
CLIMATE RECORD PERIOD 1871 TO 2018


WEATHER ITEM   OBSERVED TIME   RECORD YEAR NORMAL DEPARTURE LAST
                VALUE   (LST)  VALUE       VALUE  FROM      YEAR
                                                  NORMAL
..................................................................
TEMPERATURE (F)
 YESTERDAY
  MAXIMUM         59   1159 PM  94    1925  73    -14       57
  MINIMUM         53    709 AM  30    1930  49      4       50
  AVERAGE         56                        61     -5       54

PRECIPITATION (IN)
  YESTERDAY        1.02          2.15 1987   0.10   0.92     0.29
  MONTH TO DATE    3.00                      2.62   0.38     1.75
  SINCE MAR 1      5.33                      6.66  -1.33     5.43
  SINCE JAN 1     10.78                     12.46  -1.68    10.43

SNOWFALL (IN)
  YESTERDAY        0.0           0.0  2002   0.0    0.0
  MONTH TO DATE    T                         0.1   -0.1
  SINCE NOV 1     12.4                      10.3    2.1
  SINCE JUL 1     12.4                      10.3    2.1
  SNOW DEPTH       0

DEGREE DAYS
 HEATING
  YESTERDAY        9                         6      3       11
  MONTH TO DATE  262                       209     53      109
  SINCE MAR 1    915                       725    190      602
  SINCE JUL 1   3679                      3661     18     3084

 COOLING
  YESTERDAY        0                         2     -2        0
  MONTH TO DATE   19                        26     -7       48
  SINCE MAR 1     22                        32    -10       56
  SINCE JAN 1     28                        32     -4       56
..................................................................


WIND (MPH)
  HIGHEST WIND SPEED    21   HIGHEST WIND DIRECTION     E (110)
  HIGHEST GUST SPEED    29   HIGHEST GUST DIRECTION     E (100)
  AVERAGE WIND SPEED    10.9


SKY COVER
  POSSIBLE SUNSHINE  MM
  AVERAGE SKY COVER 1.0


WEATHER CONDITIONS
 THE FOLLOWING WEATHER WAS RECORDED YESTERDAY.
  HEAVY RAIN
  RAIN
  LIGHT RAIN
  FOG


RELATIVE HUMIDITY (PERCENT)
 HIGHEST   100           700 AM
 LOWEST     61          1200 AM
 AVERAGE    81

..........................................................


THE RICHMOND VA CLIMATE NORMALS FOR TODAY
                         NORMAL    RECORD    YEAR
 MAXIMUM TEMPERATURE (F)   73        96      1925
 MINIMUM TEMPERATURE (F)   49        30      1936
                                             1930


SUNRISE AND SUNSET
APRIL 25 2018.........SUNRISE   621 AM EDT   SUNSET   754 PM EDT
APRIL 26 2018.........SUNRISE   620 AM EDT   SUNSET   755 PM EDT


-  INDICATES NEGATIVE NUMBERS.
R  INDICATES RECORD WAS SET OR TIED.
MM INDICATES DATA IS MISSING.
T  INDICATES TRACE AMOUNT.




$$
