000
CDUS45 KRIW 270730
CLIRIW


CLIMATE REPORT
NATIONAL WEATHER SERVICE RIVERTON WY
130 AM MDT FRI APR 27 2018


...................................

...THE RIVERTON WY CLIMATE SUMMARY FOR APRIL 26 2018...

CLIMATE NORMAL PERIOD 1981 TO 2010
CLIMATE RECORD PERIOD 1995 TO 2018


WEATHER ITEM   OBSERVED TIME   RECORD YEAR NORMAL DEPARTURE LAST
                VALUE   (LST)  VALUE       VALUE  FROM      YEAR
                                                  NORMAL
..................................................................
TEMPERATURE (F)
 YESTERDAY
  MAXIMUM         62    501 PM  79    2012  61      1       56
  MINIMUM         34    420 AM  26    2008  34      0       27
  AVERAGE         48                        47      1       42

PRECIPITATION (IN)
  YESTERDAY        T             0.79 2016   0.05  -0.05      T
  MONTH TO DATE    0.22                      1.05  -0.83     2.05
  SINCE MAR 1      0.95                      1.60  -0.65     5.76
  SINCE JAN 1      2.11                      2.11   0.00     7.62

SNOWFALL (IN)
  YESTERDAY        0.0                                        T
  MONTH TO DATE    4.2                                       4.6
  SINCE MAR 1     11.7                                       4.6
  SINCE JUL 1     48.3                                      52.3
  SNOW DEPTH       0

DEGREE DAYS
 HEATING
  YESTERDAY       17                        18     -1       23
  MONTH TO DATE  590                       556     34      511
  SINCE MAR 1   1487                      1474     13     1215
  SINCE JUL 1   7283                      7328    -45     7089

 COOLING
  YESTERDAY        0                         0      0        0
  MONTH TO DATE    0                         0      0        0
  SINCE MAR 1      0                         0      0        0
  SINCE JAN 1      0                         0      0        0
..................................................................


WIND (MPH)
  HIGHEST WIND SPEED    28   HIGHEST WIND DIRECTION     N (10)
  HIGHEST GUST SPEED    34   HIGHEST GUST DIRECTION     N (10)
  AVERAGE WIND SPEED     5.0


SKY COVER
  POSSIBLE SUNSHINE  MM
  AVERAGE SKY COVER 0.1


WEATHER CONDITIONS
 THE FOLLOWING WEATHER WAS RECORDED YESTERDAY.
  LIGHT RAIN


RELATIVE HUMIDITY (PERCENT)
 HIGHEST    76           300 AM
 LOWEST     21           500 PM
 AVERAGE    49

..........................................................


THE RIVERTON WY CLIMATE NORMALS FOR TODAY
                         NORMAL    RECORD    YEAR
 MAXIMUM TEMPERATURE (F)   61        78      2001
 MINIMUM TEMPERATURE (F)   34        25      2011
                                             2005


SUNRISE AND SUNSET
APRIL 27 2018.........SUNRISE   613 AM MDT   SUNSET   810 PM MDT
APRIL 28 2018.........SUNRISE   612 AM MDT   SUNSET   812 PM MDT


-  INDICATES NEGATIVE NUMBERS.
R  INDICATES RECORD WAS SET OR TIED.
MM INDICATES DATA IS MISSING.
T  INDICATES TRACE AMOUNT.




$$
