000
CDUS46 KSGX 201125
CLIRNM


CLIMATE REPORT
NATIONAL WEATHER SERVICE SAN DIEGO, CA
425 AM PDT FRI APR 20 2018


...................................

...THE RAMONA AIRPORT CA CLIMATE SUMMARY FOR APRIL 19 2018...

CLIMATE NORMAL PERIOD 1981 TO 2010
CLIMATE RECORD PERIOD 1974 TO 2018


WEATHER ITEM   OBSERVED TIME   RECORD YEAR NORMAL DEPARTURE LAST
                VALUE   (LST)  VALUE       VALUE  FROM      YEAR
                                                  NORMAL
..................................................................
TEMPERATURE (F)
 YESTERDAY
  MAXIMUM         61    219 PM  91    2009  71    -10       76
  MINIMUM         40   1159 PM  31    2007  42     -2       49
  AVERAGE         51                        56     -5       63

PRECIPITATION (IN)
  YESTERDAY        0.02          0.38 1995   0.05  -0.03      T
  MONTH TO DATE    0.02                      0.87  -0.85      T
  SINCE OCT 1      5.58                     14.52  -8.94    21.58
  SINCE JAN 1      5.54                     10.38  -4.84    14.56

DEGREE DAYS
 HEATING
  YESTERDAY       14                         9      5        2
  MONTH TO DATE  112                       192    -80      120
  SINCE MAR 1    434                       567   -133      347
  SINCE JUL 1   1552                      2308   -756     1782

 COOLING
  YESTERDAY        0                         0      0        0
  MONTH TO DATE   10                         0     10        0
  SINCE MAR 1     10                         0     10        3
  SINCE JAN 1     26                         1     25        3
..................................................................


WIND (MPH)
  RESULTANT WIND SPEED   7   RESULTANT WIND DIRECTION   W (260)
  HIGHEST WIND SPEED    21   HIGHEST WIND DIRECTION     W (260)
  HIGHEST GUST SPEED    27   HIGHEST GUST DIRECTION     W (260)
  AVERAGE WIND SPEED     7.6


SKY COVER
  POSSIBLE SUNSHINE  MM
  AVERAGE SKY COVER 0.5


WEATHER CONDITIONS
 THE FOLLOWING WEATHER WAS RECORDED YESTERDAY.
  RAIN
  LIGHT RAIN
  FOG


RELATIVE HUMIDITY (PERCENT)
 HIGHEST    93           100 AM
 LOWEST     40           300 PM
 AVERAGE    67

..........................................................


THE RAMONA AIRPORT CA CLIMATE NORMALS FOR TODAY
                         NORMAL    RECORD    YEAR
 MAXIMUM TEMPERATURE (F)   71        96      2009
 MINIMUM TEMPERATURE (F)   42        34      2005
                                             1977


SUNRISE AND SUNSET
APRIL 20 2018.........SUNRISE   612 AM PDT   SUNSET   722 PM PDT
APRIL 21 2018.........SUNRISE   611 AM PDT   SUNSET   723 PM PDT


-  INDICATES NEGATIVE NUMBERS.
R  INDICATES RECORD WAS SET OR TIED.
MM INDICATES DATA IS MISSING.
T  INDICATES TRACE AMOUNT.




$$
