000
CDUS41 KRNK 240848
CLIROA


CLIMATE REPORT
NATIONAL WEATHER SERVICE BLACKSBURG VA
447 AM EDT THU MAY 24 2018


...................................

...THE ROANOKE VA CLIMATE SUMMARY FOR MAY 23 2018...

CLIMATE NORMAL PERIOD 1981 TO 2010
CLIMATE RECORD PERIOD 1912 TO 2018


WEATHER ITEM   OBSERVED TIME   RECORD YEAR NORMAL DEPARTURE LAST
                VALUE   (LST)  VALUE       VALUE  FROM      YEAR
                                                  NORMAL
..................................................................
TEMPERATURE (F)
 YESTERDAY
  MAXIMUM         85    414 PM  97    1941  77      8       62
  MINIMUM         64    405 AM  39    2002  55      9       57
  AVERAGE         75                        66      9       60

PRECIPITATION (IN)
  YESTERDAY        0.00          2.62 1985   0.14  -0.14     1.14
  MONTH TO DATE    8.19                      2.89   5.30     6.49
  SINCE MAR 1     15.60                      9.72   5.88    14.73
  SINCE JAN 1     21.72                     15.53   6.19    19.37

SNOWFALL (IN)
  YESTERDAY        0.0                                       0.0
  MONTH TO DATE    0.0                                        T
  SINCE MAR 1     10.6                                       0.1
  SINCE JUL 1     15.7                                       4.6
  SNOW DEPTH       0

DEGREE DAYS
 HEATING
  YESTERDAY        0                         2     -2        5
  MONTH TO DATE    3                        87    -84       82
  SINCE MAR 1    985                       914     71      739
  SINCE JUL 1   3985                      4119   -134     3203

 COOLING
  YESTERDAY       10                         4      6        0
  MONTH TO DATE  167                        53    114       70
  SINCE MAR 1    175                        82     93      140
  SINCE JAN 1    179                        82     97      140
..................................................................


WIND (MPH)
  HIGHEST WIND SPEED    18   HIGHEST WIND DIRECTION    NW (310)
  HIGHEST GUST SPEED    23   HIGHEST GUST DIRECTION    NW (320)
  AVERAGE WIND SPEED     7.0


SKY COVER
  AVERAGE SKY COVER 0.2


WEATHER CONDITIONS
 THE FOLLOWING WEATHER WAS RECORDED YESTERDAY.
  FOG


RELATIVE HUMIDITY (PERCENT)
 HIGHEST   100          1200 AM
 LOWEST     40           400 PM
 AVERAGE    70

..........................................................


THE ROANOKE VA CLIMATE NORMALS FOR TODAY
                         NORMAL    RECORD    YEAR
 MAXIMUM TEMPERATURE (F)   78        92      1933
 MINIMUM TEMPERATURE (F)   56        41      1967


SUNRISE AND SUNSET
MAY 24 2018...........SUNRISE   605 AM EDT   SUNSET   829 PM EDT
MAY 25 2018...........SUNRISE   604 AM EDT   SUNSET   830 PM EDT


-  INDICATES NEGATIVE NUMBERS.
R  INDICATES RECORD WAS SET OR TIED.
MM INDICATES DATA IS MISSING.
T  INDICATES TRACE AMOUNT.




$$
