908
CDUS45 KABQ 200828
CLIROW


CLIMATE REPORT
NATIONAL WEATHER SERVICE ALBUQUERQUE NM
228 AM MDT FRI APR 20 2018


...................................

...THE ROSWELL NM CLIMATE SUMMARY FOR APRIL 19 2018...

CLIMATE NORMAL PERIOD 1981 TO 2010
CLIMATE RECORD PERIOD 1893 TO 2018


WEATHER ITEM   OBSERVED TIME   RECORD YEAR NORMAL DEPARTURE
                VALUE   (LST)  VALUE       VALUE  FROM
                                                  NORMAL
...............................................................
TEMPERATURE (F)
 YESTERDAY
  MAXIMUM         76    458 PM  93    1961  78     -2
                                      1960
  MINIMUM         45    511 AM  29    1920  46     -1
  AVERAGE         61                        62     -1

PRECIPITATION (IN)
  YESTERDAY        0.00          1.23 1937   0.02  -0.02
  MONTH TO DATE    0.00                      0.33  -0.33
  SINCE MAR 1      0.01                      0.84  -0.83
  SINCE JAN 1      0.62                      1.64  -1.02

SNOWFALL (IN)
  YESTERDAY        0.0
  MONTH TO DATE    0.0
  SINCE MAR 1      0.0
  SINCE JUL 1      0.0

DEGREE DAYS
 HEATING
  YESTERDAY        4                         5     -1
  MONTH TO DATE   82                       126    -44
  SINCE MAR 1    345                       513   -168
  SINCE JUL 1   2712                      3220   -508

 COOLING
  YESTERDAY        0                         1     -1
  MONTH TO DATE   30                        14     16
  SINCE MAR 1     47                        17     30
  SINCE JAN 1     47                        17     30
...............................................................


WIND (MPH)
  HIGHEST WIND SPEED    29   HIGHEST WIND DIRECTION     S (160)
  HIGHEST GUST SPEED    39   HIGHEST GUST DIRECTION    SE (140)
  AVERAGE WIND SPEED    13.2


SKY COVER
  AVERAGE SKY COVER 0.2


WEATHER CONDITIONS
 THE FOLLOWING WEATHER WAS RECORDED YESTERDAY.
  NO SIGNIFICANT WEATHER WAS OBSERVED.


RELATIVE HUMIDITY (PERCENT)
 HIGHEST    31           600 AM
 LOWEST     14           200 PM
 AVERAGE    23

..........................................................


THE ROSWELL NM CLIMATE NORMALS FOR TODAY
                         NORMAL    RECORD    YEAR
 MAXIMUM TEMPERATURE (F)   78        94      1989
 MINIMUM TEMPERATURE (F)   46        27      1893


SUNRISE AND SUNSET
APRIL 20 2018.........SUNRISE   622 AM MDT   SUNSET   733 PM MDT
APRIL 21 2018.........SUNRISE   621 AM MDT   SUNSET   733 PM MDT


-  INDICATES NEGATIVE NUMBERS.
R  INDICATES RECORD WAS SET OR TIED.
MM INDICATES DATA IS MISSING.
T  INDICATES TRACE AMOUNT.




$$
