000
CDUS42 KCHS 250617
CLISAV


CLIMATE REPORT
NATIONAL WEATHER SERVICE CHARLESTON SC
216 AM EDT WED APR 25 2018


...................................

...THE SAVANNAH GA CLIMATE SUMMARY FOR APRIL 24 2018...

CLIMATE NORMAL PERIOD 1981 TO 2010
CLIMATE RECORD PERIOD 1871 TO 2018


WEATHER ITEM   OBSERVED TIME   RECORD YEAR NORMAL DEPARTURE LAST
                VALUE   (LST)  VALUE       VALUE  FROM      YEAR
                                                  NORMAL
..................................................................
TEMPERATURE (F)
 YESTERDAY
  MAXIMUM         80    238 PM  94    1958  80      0       79
  MINIMUM         64    738 AM  38    1986  56      8       62
  AVERAGE         72                        68      4       71

PRECIPITATION (IN)
  YESTERDAY        0.00          1.55 1941   0.09  -0.09      T
  MONTH TO DATE    4.33                      2.54   1.79     2.88
  SINCE MAR 1      5.55                      6.27  -0.72     3.38
  SINCE JAN 1      8.38                     12.75  -4.37    12.21

SNOWFALL (IN)
  YESTERDAY        0.0                       0.0    0.0
  SINCE MAR 1      0.0                       T      0.0
  SINCE JUL 1      1.2                       0.3    0.9

DEGREE DAYS
 HEATING
  YESTERDAY        0                         2     -2        0
  MONTH TO DATE   85                        70     15       19
  SINCE MAR 1    327                       280     47      212
  SINCE JUL 1   1602                      1797   -195     1022

 COOLING
  YESTERDAY        7                         4      3        6
  MONTH TO DATE   57                        67    -10      133
  SINCE MAR 1     89                        99    -10      208
  SINCE JAN 1    171                       109     62      266
..................................................................


WIND (MPH)
  HIGHEST WIND SPEED    17   HIGHEST WIND DIRECTION     W (260)
  HIGHEST GUST SPEED    25   HIGHEST GUST DIRECTION     W (260)
  AVERAGE WIND SPEED     8.7


SKY COVER
  POSSIBLE SUNSHINE  MM
  AVERAGE SKY COVER 0.6


WEATHER CONDITIONS
 THE FOLLOWING WEATHER WAS RECORDED YESTERDAY.
  NO SIGNIFICANT WEATHER WAS OBSERVED.


RELATIVE HUMIDITY (PERCENT)
 HIGHEST    93          1200 AM
 LOWEST     42           200 PM
 AVERAGE    68

..........................................................


THE SAVANNAH GA CLIMATE NORMALS FOR TODAY
                         NORMAL    RECORD    YEAR
 MAXIMUM TEMPERATURE (F)   80        94      1958
 MINIMUM TEMPERATURE (F)   56        39      2005


SUNRISE AND SUNSET
APRIL 25 2018.........SUNRISE   645 AM EDT   SUNSET   801 PM EDT
APRIL 26 2018.........SUNRISE   644 AM EDT   SUNSET   802 PM EDT


-  INDICATES NEGATIVE NUMBERS.
R  INDICATES RECORD WAS SET OR TIED.
MM INDICATES DATA IS MISSING.
T  INDICATES TRACE AMOUNT.


$$
