000
CDUS43 KIWX 220541
CLISBN


CLIMATE REPORT
NATIONAL WEATHER SERVICE NORTHERN INDIANA
140 AM EDT TUE MAY 22 2018


...................................

...THE SOUTH BEND CLIMATE SUMMARY FOR MAY 21 2018...

CLIMATE NORMAL PERIOD 1981 TO 2010
CLIMATE RECORD PERIOD 1893 TO 2018


WEATHER ITEM   OBSERVED TIME   RECORD YEAR NORMAL DEPARTURE LAST
                VALUE   (LST)  VALUE       VALUE  FROM      YEAR
                                                  NORMAL
..................................................................
TEMPERATURE (F)
 YESTERDAY
  MAXIMUM         63    608 PM  93    1934  72     -9       68
  MINIMUM         57   1216 PM  30    2002  50      7       51
                                      1895
  AVERAGE         60                        61     -1       60

PRECIPITATION (IN)
  YESTERDAY        0.70          1.02 2010   0.13   0.57     0.01
  MONTH TO DATE    7.30                      2.53   4.77     3.97
  SINCE MAR 1     12.08                      8.18   3.90    11.29
  SINCE JAN 1     22.09                     12.42   9.67    18.28

SNOWFALL (IN)
  YESTERDAY        0.0           0.0  2002   0.0    0.0      0.0
                                      2001
  MONTH TO DATE    0.0                       0.0    0.0      0.0
  SINCE MAR 1      9.1                       8.5    0.6      8.5
  SINCE JUL 1     93.1                      66.6   26.5     42.2
  SNOW DEPTH       0

DEGREE DAYS
 HEATING
  YESTERDAY        5                         6     -1        5
  MONTH TO DATE   74                       176   -102      234
  SINCE MAR 1   1767                      1518    249     1486
  SINCE JUL 1   6460                      6207    253     5463

 COOLING
  YESTERDAY        0                         2     -2        0
  MONTH TO DATE   22                        24     -2       25
  SINCE MAR 1     22                        34    -12       36
  SINCE JAN 1     22                        34    -12       36
..................................................................


WIND (MPH)
  HIGHEST WIND SPEED    18   HIGHEST WIND DIRECTION     E (110)
  HIGHEST GUST SPEED    23   HIGHEST GUST DIRECTION     E (110)
  AVERAGE WIND SPEED    10.3


SKY COVER
  AVERAGE SKY COVER 0.8


WEATHER CONDITIONS
 THE FOLLOWING WEATHER WAS RECORDED YESTERDAY.
  THUNDERSTORM
  HEAVY RAIN
  LIGHT RAIN
  FOG


RELATIVE HUMIDITY (PERCENT)
 HIGHEST   100          1100 AM
 LOWEST     80           200 PM
 AVERAGE    90

..........................................................


THE SOUTH BEND CLIMATE NORMALS FOR TODAY
                         NORMAL    RECORD    YEAR
 MAXIMUM TEMPERATURE (F)   72        92      1925
 MINIMUM TEMPERATURE (F)   51        32      1997


SUNRISE AND SUNSET
MAY 22 2018...........SUNRISE   619 AM EDT   SUNSET   905 PM EDT
MAY 23 2018...........SUNRISE   619 AM EDT   SUNSET   906 PM EDT


-  INDICATES NEGATIVE NUMBERS.
R  INDICATES RECORD WAS SET OR TIED.
MM INDICATES DATA IS MISSING.
T  INDICATES TRACE AMOUNT.




$$
