000
CDUS46 KLOX 200905
CLISDB


CLIMATE REPORT
NATIONAL WEATHER SERVICE LOS ANGELES/OXNARD CA
205 AM PDT FRI APR 20 2018


...................................

...THE SANDBERG CA CLIMATE SUMMARY FOR APRIL 19 2018...

CLIMATE NORMAL PERIOD 1981 TO 2010
CLIMATE RECORD PERIOD 1934 TO 2018


WEATHER ITEM   OBSERVED TIME   RECORD YEAR NORMAL DEPARTURE LAST
                VALUE   (LST)  VALUE       VALUE  FROM      YEAR
                                                  NORMAL
..................................................................
TEMPERATURE (F)
 YESTERDAY
  MAXIMUM         48    154 PM  81    1950  59    -11       65
  MINIMUM         32    327 AM  22    1967  42    -10       46
  AVERAGE         40                        51    -11       56

PRECIPITATION (IN)
  YESTERDAY        0.00          0.61 1988   0.02  -0.02      T
  MONTH TO DATE    0.01                      0.46  -0.45     0.09
  SINCE OCT 1      6.67                     11.47  -4.80    12.69
  SINCE JAN 1      6.62                      7.84  -1.22     8.85

DEGREE DAYS
 HEATING
  YESTERDAY       25                        14     11        9
  MONTH TO DATE  245                       303    -58      178
  SINCE MAR 1    834                       873    -39      509
  SINCE JUL 1   2433                      3632  -1199     2766

 COOLING
  YESTERDAY        0                         0      0        0
  MONTH TO DATE    0                         0      0        0
  SINCE MAR 1      0                         1     -1       16
  SINCE JAN 1      2                         1      1       16
..................................................................


WIND (MPH)
  HIGHEST WIND SPEED    59   HIGHEST WIND DIRECTION    NW (330)
  HIGHEST GUST SPEED    68   HIGHEST GUST DIRECTION    NW (330)
  AVERAGE WIND SPEED    18.4


SKY COVER
  POSSIBLE SUNSHINE  MM
  AVERAGE SKY COVER 0.3


WEATHER CONDITIONS
 THE FOLLOWING WEATHER WAS RECORDED YESTERDAY.
  NO SIGNIFICANT WEATHER WAS OBSERVED.


RELATIVE HUMIDITY (PERCENT)
 HIGHEST    89           100 AM
 LOWEST     49           300 PM
 AVERAGE    69

..........................................................


THE SANDBERG CA CLIMATE NORMALS FOR TODAY
                         NORMAL    RECORD    YEAR
 MAXIMUM TEMPERATURE (F)   59        82      1994
 MINIMUM TEMPERATURE (F)   43        23      1967


SUNRISE AND SUNSET
APRIL 20 2018.........SUNRISE   617 AM PDT   SUNSET   731 PM PDT
APRIL 21 2018.........SUNRISE   616 AM PDT   SUNSET   732 PM PDT


-  INDICATES NEGATIVE NUMBERS.
R  INDICATES RECORD WAS SET OR TIED.
MM INDICATES DATA IS MISSING.
T  INDICATES TRACE AMOUNT.




$$
