000
CDUS43 KLMK 240629
CLISDF


CLIMATE REPORT
NATIONAL WEATHER SERVICE LOUISVILLE KY
228 AM EDT TUE APR 24 2018


...................................

...THE LOUISVILLE KY CLIMATE SUMMARY FOR APRIL 23 2018...

CLIMATE NORMAL PERIOD 1981 TO 2010
CLIMATE RECORD PERIOD 1871 TO 2018


WEATHER ITEM   OBSERVED TIME   RECORD YEAR NORMAL DEPARTURE LAST
                VALUE   (LST)  VALUE       VALUE  FROM      YEAR
                                                  NORMAL
..................................................................
TEMPERATURE (F)
 YESTERDAY
  MAXIMUM         64    346 PM  91    1960  71     -7       64
  MINIMUM         52    528 AM  28    1986  50      2       47
  AVERAGE         58                        60     -2       56

PRECIPITATION (IN)
  YESTERDAY        0.62          2.79 1970   0.15   0.47     0.00
  MONTH TO DATE    3.21                      2.96   0.25     2.90
  SINCE MAR 1      8.26                      7.13   1.13     6.58
  SINCE JAN 1     20.56                     13.55   7.01    12.85

SNOWFALL (IN)
  YESTERDAY        0.0           T    1910   0.0    0.0      0.0
  MONTH TO DATE    1.2                       0.1    1.1      0.0
  SINCE MAR 1     13.1                       1.5   11.6       T
  SINCE JUL 1     19.1                      12.5    6.6      2.7
  SNOW DEPTH       0

DEGREE DAYS
 HEATING
  YESTERDAY        7                         6      1        9
  MONTH TO DATE  321                       209    112       89
  SINCE MAR 1    922                       747    175      547
  SINCE JUL 1   4010                      3988     22     3012

 COOLING
  YESTERDAY        0                         2     -2        0
  MONTH TO DATE   19                        27     -8       73
  SINCE MAR 1     19                        33    -14       84
  SINCE JAN 1     31                        33     -2       89
..................................................................


WIND (MPH)
  HIGHEST WIND SPEED    18   HIGHEST WIND DIRECTION     E (100)
  HIGHEST GUST SPEED    25   HIGHEST GUST DIRECTION     E (100)
  AVERAGE WIND SPEED    10.1


SKY COVER
  POSSIBLE SUNSHINE  MM
  AVERAGE SKY COVER 1.0


WEATHER CONDITIONS
 THE FOLLOWING WEATHER WAS RECORDED YESTERDAY.
  RAIN
  LIGHT RAIN
  FOG


RELATIVE HUMIDITY (PERCENT)
 HIGHEST    93           700 AM
 LOWEST     27          1200 AM
 AVERAGE    60

..........................................................


THE LOUISVILLE KY CLIMATE NORMALS FOR TODAY
                         NORMAL    RECORD    YEAR
 MAXIMUM TEMPERATURE (F)   72        91      1960
                                             1925
 MINIMUM TEMPERATURE (F)   50        33      2005
                                             1927
                                             1919


SUNRISE AND SUNSET
APRIL 24 2018.........SUNRISE   655 AM EDT   SUNSET   828 PM EDT
APRIL 25 2018.........SUNRISE   654 AM EDT   SUNSET   829 PM EDT


-  INDICATES NEGATIVE NUMBERS.
R  INDICATES RECORD WAS SET OR TIED.
MM INDICATES DATA IS MISSING.
T  INDICATES TRACE AMOUNT.




$$
