000
CDUS46 KSEW 190833
CLISEW


CLIMATE REPORT
NATIONAL WEATHER SERVICE SEATTLE WA
133 AM PDT THU APR 19 2018


...................................

...THE SEATTLE WA WFO CLIMATE SUMMARY FOR APRIL 18 2018...

CLIMATE NORMAL PERIOD 1981 TO 2010
CLIMATE RECORD PERIOD 1986 TO 2018


WEATHER ITEM   OBSERVED TIME   RECORD YEAR     LAST
                VALUE   (LST)  VALUE           YEAR
....................................................
TEMPERATURE (F)
 YESTERDAY
  MAXIMUM         57        MM  89    2016    62
  MINIMUM         43        MM  35    2008    45
  AVERAGE         50                          54

PRECIPITATION (IN)
  YESTERDAY        T             0.35 2008     0.09
  MONTH TO DATE    5.33                        2.64
  SINCE OCT 1     36.55                       42.71
  SINCE JAN 1     19.68                       20.99

SNOWFALL (IN)
  YESTERDAY        0.0                         0.0
  MONTH TO DATE    0.0                         0.0
  SINCE OCT 1      4.0                         3.6
  SINCE JUL 1      4.0                         3.6
  SNOW DEPTH       0

DEGREE DAYS
 HEATING
  YESTERDAY       15                          11
  MONTH TO DATE  294                         257
  SINCE MAR 1    869                         822
  SINCE JUL 1   3864                        3902

 COOLING
  YESTERDAY        0                           0
  MONTH TO DATE    0                           0
  SINCE MAR 1      0                           0
  SINCE JAN 1      0                           0
....................................................


WIND (MPH)
  HIGHEST WIND SPEED    MM   HIGHEST WIND DIRECTION    MM
  HIGHEST GUST SPEED    MM   HIGHEST GUST DIRECTION    MM
  AVERAGE WIND SPEED    MM



WEATHER CONDITIONS
 THE FOLLOWING WEATHER WAS RECORDED YESTERDAY.
  LIGHT RAIN






-  INDICATES NEGATIVE NUMBERS.
R  INDICATES RECORD WAS SET OR TIED.
MM INDICATES DATA IS MISSING.
T  INDICATES TRACE AMOUNT.




$$
