000
CDUS46 KMFR 220046
CLISIY


CLIMATE REPORT
NATIONAL WEATHER SERVICE MEDFORD, OR
545 PM PDT SAT APR 21 2018


...................................

...THE MONTAGUE CA CLIMATE SUMMARY FOR APRIL 21 2018...
VALID TODAY AS OF 0500 PM LOCAL TIME.

CLIMATE NORMAL PERIOD 1981 TO 2010
CLIMATE RECORD PERIOD 1948 TO 2018


WEATHER ITEM   OBSERVED TIME   RECORD YEAR NORMAL DEPARTURE LAST
                VALUE   (LST)  VALUE       VALUE  FROM      YEAR
                                                  NORMAL
..................................................................
TEMPERATURE (F)
 TODAY
  MAXIMUM         73    359 PM  90    2009  63     10       69
  MINIMUM         37    554 AM  18    2008  34      3       27
  AVERAGE         55                        48      7       48

PRECIPITATION (IN)
  TODAY            0.00          0.53 1980   0.06  -0.06     0.00
  MONTH TO DATE    1.32                      0.96   0.36     0.91
  SINCE OCT 1      6.33                     14.31  -7.98    14.78
  SINCE JAN 1      4.06                      7.48  -3.42     6.57

SNOWFALL (IN)
  TODAY           MM                        MM     MM       MM
  MONTH TO DATE   MM                        MM     MM       MM
  SINCE JUL 1     MM                        MM     MM       MM
  SNOW DEPTH      MM

DEGREE DAYS
 HEATING
  TODAY           10                        17     -7       17
  MONTH TO DATE  376                       406    -30      413
  SINCE MAR 1   1085                      1088     -3     1022
  SINCE JUL 1   4901                      4965    -64     4919

 COOLING
  TODAY            0                         0      0        0
  MONTH TO DATE    0                         0      0        0
  SINCE MAR 1      0                         0      0        0
  SINCE JAN 1      0                         0      0        0
..................................................................


WIND (MPH)
  HIGHEST WIND SPEED    14   HIGHEST WIND DIRECTION     N (360)
  HIGHEST GUST SPEED    19   HIGHEST GUST DIRECTION     N (10)
  AVERAGE WIND SPEED     5.8


SKY COVER
  POSSIBLE SUNSHINE  MM
  AVERAGE SKY COVER 0.0


WEATHER CONDITIONS
 THE FOLLOWING WEATHER WAS RECORDED TODAY.
  NO SIGNIFICANT WEATHER WAS OBSERVED.


RELATIVE HUMIDITY (PERCENT)
 HIGHEST    85           600 AM
 LOWEST     13           400 PM

..........................................................


THE MONTAGUE CA CLIMATE NORMALS FOR TOMORROW
                         NORMAL    RECORD    YEAR
 MAXIMUM TEMPERATURE (F)   63        85      2012
                                             1987
 MINIMUM TEMPERATURE (F)   35        24      1960


SUNRISE AND SUNSET
APRIL 21 2018.........SUNRISE   620 AM PDT   SUNSET   757 PM PDT
APRIL 22 2018.........SUNRISE   619 AM PDT   SUNSET   759 PM PDT


-  INDICATES NEGATIVE NUMBERS.
R  INDICATES RECORD WAS SET OR TIED.
MM INDICATES DATA IS MISSING.
T  INDICATES TRACE AMOUNT.




$$
