000
CDUS45 KSLC 261233
CLISLC


CLIMATE REPORT
NATIONAL WEATHER SERVICE SALT LAKE CITY UT
632 AM MDT THU APR 26 2018


...................................

...THE SALT LAKE CITY UT CLIMATE SUMMARY FOR APRIL 25 2018...

CLIMATE NORMAL PERIOD 1981 TO 2010
CLIMATE RECORD PERIOD 1874 TO 2018


WEATHER ITEM   OBSERVED TIME   RECORD YEAR NORMAL DEPARTURE LAST
                VALUE   (LST)  VALUE       VALUE  FROM      YEAR
                                                  NORMAL
..................................................................
TEMPERATURE (F)
 YESTERDAY
  MAXIMUM         74    344 PM  84    1946  64     10       53
  MINIMUM         48    437 AM  26    1950  42      6       35
  AVERAGE         61                        53      8       44

PRECIPITATION (IN)
  YESTERDAY        0.00          1.62 1976   0.07  -0.07     0.51
  MONTH TO DATE    1.18                      1.64  -0.46     2.91
  SINCE OCT 1      7.77                     10.31  -2.54    14.72
  SINCE JAN 1      5.64                      5.93  -0.29    10.08

SNOWFALL (IN)
  YESTERDAY        0.0           8.5  1975   0.0    0.0      0.0
  MONTH TO DATE    1.4                       3.6   -2.2      1.0
  SINCE OCT 1     43.5                      55.5  -12.0     51.3
  SINCE JUL 1     43.5                      55.5  -12.0     51.3
  SNOW DEPTH       0

DEGREE DAYS
 HEATING
  YESTERDAY        4                        12     -8       21
  MONTH TO DATE  283                       381    -98      342
  SINCE MAR 1    849                      1043   -194      798
  SINCE JUL 1   4385                      5299   -914     4551

 COOLING
  YESTERDAY        0                         0      0        0
  MONTH TO DATE    0                         0      0        0
  SINCE MAR 1      0                         0      0        2
  SINCE JAN 1      0                         0      0        2
..................................................................


WIND (MPH)
  RESULTANT WIND SPEED   3   RESULTANT WIND DIRECTION  SE (150)
  HIGHEST WIND SPEED    15   HIGHEST WIND DIRECTION     N (10)
  HIGHEST GUST SPEED    19   HIGHEST GUST DIRECTION     N (20)
  AVERAGE WIND SPEED     7.7


SKY COVER
  POSSIBLE SUNSHINE  MM
  AVERAGE SKY COVER 0.0


WEATHER CONDITIONS
 THE FOLLOWING WEATHER WAS RECORDED YESTERDAY.
  NO SIGNIFICANT WEATHER WAS OBSERVED.


RELATIVE HUMIDITY (PERCENT)
 HIGHEST    50          1100 PM
 LOWEST     12           200 PM
 AVERAGE    31

..........................................................


THE SALT LAKE CITY UT CLIMATE NORMALS FOR TODAY
                         NORMAL    RECORD    YEAR
 MAXIMUM TEMPERATURE (F)   65        85      1910
 MINIMUM TEMPERATURE (F)   42        27      1975


SUNRISE AND SUNSET
APRIL 26 2018.........SUNRISE   633 AM MDT   SUNSET   819 PM MDT
APRIL 27 2018.........SUNRISE   632 AM MDT   SUNSET   820 PM MDT


-  INDICATES NEGATIVE NUMBERS.
R  INDICATES RECORD WAS SET OR TIED.
MM INDICATES DATA IS MISSING.
T  INDICATES TRACE AMOUNT.




$$
