000
CDUS41 KBTV 260536
CLISLK


CLIMATE REPORT
NATIONAL WEATHER SERVICE BURLINGTON VT
135 AM EDT THU APR 26 2018


...................................

...THE SARANAC LAKE NY CLIMATE SUMMARY FOR APRIL 25 2018...

CLIMATE NORMAL PERIOD 1981 TO 2010
CLIMATE RECORD PERIOD 9999 TO 9999


WEATHER ITEM   OBSERVED TIME   NORMAL DEPARTURE LAST
                VALUE   (LST)  VALUE  FROM      YEAR
                                      NORMAL
......................................................
TEMPERATURE (F)
 YESTERDAY
  MAXIMUM         54   1139 AM  55     -1       60
  MINIMUM         40    441 AM  29     11       27
  AVERAGE         47            42      5       44

PRECIPITATION (IN)
  YESTERDAY        0.80          0.10   0.70     0.28
  MONTH TO DATE    3.49          2.36   1.13     2.69
  SINCE MAR 1      3.87          4.64  -0.77     4.81
  SINCE JAN 1      9.07          8.38   0.69     9.35

DEGREE DAYS
 HEATING
  YESTERDAY       18            23     -5       21
  MONTH TO DATE  861           702    159      574
  SINCE MAR 1   2115          1959    156     1968
  SINCE JUL 1   8513          8664   -151     7664

 COOLING
  YESTERDAY        0             0      0        0
  MONTH TO DATE    0             0      0        0
  SINCE MAR 1      0             0      0        0
  SINCE JAN 1      0             0      0        0
......................................................


WIND (MPH)
  HIGHEST WIND SPEED    12   HIGHEST WIND DIRECTION    SE (120)
  HIGHEST GUST SPEED    18   HIGHEST GUST DIRECTION    SE (140)
  AVERAGE WIND SPEED     2.9


SKY COVER
  AVERAGE SKY COVER 1.0


WEATHER CONDITIONS
 THE FOLLOWING WEATHER WAS RECORDED YESTERDAY.
  RAIN
  LIGHT RAIN
  FOG


RELATIVE HUMIDITY (PERCENT)
 HIGHEST   100           200 PM
 LOWEST     56           200 AM
 AVERAGE    78

..........................................................


THE SARANAC LAKE NY CLIMATE NORMALS FOR TODAY
                         NORMAL    RECORD    YEAR
 MAXIMUM TEMPERATURE (F)   56        70      2017
 MINIMUM TEMPERATURE (F)   30        19      2006


SUNRISE AND SUNSET
APRIL 26 2018.........SUNRISE   555 AM EDT   SUNSET   755 PM EDT
APRIL 27 2018.........SUNRISE   554 AM EDT   SUNSET   756 PM EDT


-  INDICATES NEGATIVE NUMBERS.
R  INDICATES RECORD WAS SET OR TIED.
MM INDICATES DATA IS MISSING.
T  INDICATES TRACE AMOUNT.




$$
