000
CDUS46 KLOX 230126
CLISMX


CLIMATE REPORT
NATIONAL WEATHER SERVICE LOS ANGELES/OXNARD CA
625 PM PDT TUE MAY 22 2018


...................................

...THE SANTA MARIA AIRPORT CA CLIMATE SUMMARY FOR MAY 22 2018...
VALID TODAY AS OF 0600 PM LOCAL TIME.

CLIMATE NORMAL PERIOD 1981 TO 2010
CLIMATE RECORD PERIOD 1906 TO 2018


WEATHER ITEM   OBSERVED TIME   RECORD YEAR NORMAL DEPARTURE LAST
                VALUE   (LST)  VALUE       VALUE  FROM      YEAR
                                                  NORMAL
..................................................................
TEMPERATURE (F)
 TODAY
  MAXIMUM         66    203 PM  88    1930  69     -3       68
  MINIMUM         53    718 AM  36    1927  48      5       49
  AVERAGE         60                        58      2       59

PRECIPITATION (IN)
  TODAY            0.00          0.21 1958   0.01  -0.01     0.00
  MONTH TO DATE    T                         0.27  -0.27     0.34
  SINCE OCT 1      6.01                     13.68  -7.67    18.44
  SINCE JAN 1      5.89                      9.63  -3.74    13.64

SNOWFALL (IN)
  TODAY            0.0
  MONTH TO DATE    0.0
  SINCE MAR 1      0.0
  SINCE JUL 1      0.0

DEGREE DAYS
 HEATING
  TODAY            5                         7     -2
  MONTH TO DATE  138                       164    -26
  SINCE MAR 1    660                       790   -130
  SINCE JUL 1   1776                      2623   -847

 COOLING
  TODAY            0                         0      0
  MONTH TO DATE    0                         0      0
  SINCE MAR 1      7                         5      2
  SINCE JAN 1      7                         6      1
..................................................................


WIND (MPH)
  HIGHEST WIND SPEED    18   HIGHEST WIND DIRECTION    NW (320)
  HIGHEST GUST SPEED    24   HIGHEST GUST DIRECTION    NW (330)
  AVERAGE WIND SPEED     7.5


SKY COVER
  POSSIBLE SUNSHINE  MM
  AVERAGE SKY COVER 0.7


WEATHER CONDITIONS
 THE FOLLOWING WEATHER WAS RECORDED TODAY.
  FOG


RELATIVE HUMIDITY (PERCENT)
 HIGHEST    93          1200 AM
 LOWEST     60          1200 PM
 AVERAGE    77

..........................................................


THE SANTA MARIA AIRPORT CA CLIMATE NORMALS FOR TOMORROW
                         NORMAL    RECORD    YEAR
 MAXIMUM TEMPERATURE (F)   69        89      1930
 MINIMUM TEMPERATURE (F)   48        36      1980


SUNRISE AND SUNSET
MAY 22 2018...........SUNRISE   554 AM PDT   SUNSET   804 PM PDT
MAY 23 2018...........SUNRISE   553 AM PDT   SUNSET   804 PM PDT


-  INDICATES NEGATIVE NUMBERS.
R  INDICATES RECORD WAS SET OR TIED.
MM INDICATES DATA IS MISSING.
T  INDICATES TRACE AMOUNT.




$$
