000
CDUS46 KSGX 270035
CLISNA

CLIMATE REPORT
NATIONAL WEATHER SERVICE SAN DIEGO, CA
534 PM PDT THU APR 26 2018


...................................

...THE JOHN WAYNE AIRPORT CA CLIMATE SUMMARY FOR APRIL 26 2018...
VALID TODAY AS OF 0500 PM LOCAL TIME.

CLIMATE NORMAL PERIOD 1981 TO 2010
CLIMATE RECORD PERIOD 1999 TO 2018


WEATHER ITEM   OBSERVED TIME   RECORD YEAR NORMAL DEPARTURE LAST
                VALUE   (LST)  VALUE       VALUE  FROM      YEAR
                                                  NORMAL
..................................................................
TEMPERATURE (F)
 TODAY
  MAXIMUM         69    158 PM  90    2004  70     -1       73
  MINIMUM         56   1258 AM  51    2009  55      1       59
  AVERAGE         63                        63      0       66

PRECIPITATION (IN)
  TODAY            0.00          0.07 2012   0.03  -0.03     0.00
  MONTH TO DATE    0.05                      0.78  -0.73     0.04
  SINCE OCT 1      2.71                     12.62  -9.91    15.80
  SINCE JAN 1      2.70                      8.54  -5.84     9.61

DEGREE DAYS
 HEATING
  TODAY            2                         3     -1        0
  MONTH TO DATE   51                       109    -58       30
  SINCE MAR 1    197                       290    -93      114
  SINCE JUL 1    661                      1196   -535      855

 COOLING
  TODAY            0                         1     -1        1
  MONTH TO DATE   27                         8     19       31
  SINCE MAR 1     27                        15     12       39
  SINCE JAN 1     53                        23     30       39
..................................................................


WIND (MPH)
  RESULTANT WIND SPEED   4   RESULTANT WIND DIRECTION   S (190)
  HIGHEST WIND SPEED    15   HIGHEST WIND DIRECTION     S (190)
  HIGHEST GUST SPEED    20   HIGHEST GUST DIRECTION    SW (210)
  AVERAGE WIND SPEED     5.7


SKY COVER
  POSSIBLE SUNSHINE  MM
  AVERAGE SKY COVER 0.6


WEATHER CONDITIONS
 THE FOLLOWING WEATHER WAS RECORDED TODAY.
  HAZE


RELATIVE HUMIDITY (PERCENT)
 HIGHEST    86          1200 AM
 LOWEST     55           200 PM
 AVERAGE    71

..........................................................


THE JOHN WAYNE AIRPORT CA CLIMATE NORMALS FOR TOMORROW
                         NORMAL    RECORD    YEAR
 MAXIMUM TEMPERATURE (F)   70        99      2008
 MINIMUM TEMPERATURE (F)   55        53      2003


SUNRISE AND SUNSET
APRIL 26 2018.........SUNRISE   608 AM PDT   SUNSET   731 PM PDT
APRIL 27 2018.........SUNRISE   607 AM PDT   SUNSET   732 PM PDT


-  INDICATES NEGATIVE NUMBERS.
R  INDICATES RECORD WAS SET OR TIED.
MM INDICATES DATA IS MISSING.
T  INDICATES TRACE AMOUNT.




$$
