000
CDUS45 KPIH 250731
CLISNT


CLIMATE REPORT
NATIONAL WEATHER SERVICE POCATELLO ID
131 AM MDT FRI MAY 25 2018


...................................

...THE STANLEY ID CLIMATE SUMMARY FOR MAY 24 2018...

CLIMATE NORMAL PERIOD 1981 TO 2010
CLIMATE RECORD PERIOD 1916 TO 2018


WEATHER ITEM   OBSERVED TIME   RECORD YEAR NORMAL DEPARTURE LAST
                VALUE   (LST)  VALUE       VALUE  FROM      YEAR
                                                  NORMAL
..................................................................
TEMPERATURE (F)
 YESTERDAY
  MAXIMUM         69    256 PM  81    2003  60      9       63
  MINIMUM         MM        MM  19    1964  30     MM       32
  AVERAGE         MM                        45     MM       48

PRECIPITATION (IN)
  YESTERDAY        0.00          0.42 1917   0.05  -0.05     0.00
  MONTH TO DATE    1.04                      1.35  -0.31     1.14
  SINCE OCT 1     17.26                     13.04   4.22    26.66
  SINCE JAN 1      9.02                      8.19   0.83    15.33

SNOWFALL (IN)
  YESTERDAY       MM
  MONTH TO DATE   MM
  SINCE MAR 1     MM
  SINCE JUL 1     MM
  SNOW DEPTH      MM

DEGREE DAYS
 HEATING
  YESTERDAY       MM                        20     MM       17
  MONTH TO DATE  382                       550   -168      487
  SINCE MAR 1   2454                      2676   -222     2439
  SINCE JUL 1   9099                     10210  -1111     9696

 COOLING
  YESTERDAY       MM                         0     MM        0
  MONTH TO DATE    0                         0      0        0
  SINCE MAR 1      0                         0      0        0
  SINCE JAN 1      0                         0      0        0
..................................................................


WIND (MPH)
  HIGHEST WIND SPEED    12   HIGHEST WIND DIRECTION     E (110)
  HIGHEST GUST SPEED    19   HIGHEST GUST DIRECTION     E (80)
  AVERAGE WIND SPEED     2.8


SKY COVER
  POSSIBLE SUNSHINE  MM
  AVERAGE SKY COVER 0.0


WEATHER CONDITIONS
 THE FOLLOWING WEATHER WAS RECORDED YESTERDAY.
  NO SIGNIFICANT WEATHER WAS OBSERVED.


RELATIVE HUMIDITY (PERCENT)
 HIGHEST   100           300 AM
 LOWEST     39           300 PM
 AVERAGE    70

..........................................................


THE STANLEY ID CLIMATE NORMALS FOR TODAY
                         NORMAL    RECORD    YEAR
 MAXIMUM TEMPERATURE (F)   61        79      1992
 MINIMUM TEMPERATURE (F)   30        16      1920


SUNRISE AND SUNSET
MAY 25 2018...........SUNRISE   604 AM MDT   SUNSET   910 PM MDT
MAY 26 2018...........SUNRISE   603 AM MDT   SUNSET   911 PM MDT


-  INDICATES NEGATIVE NUMBERS.
R  INDICATES RECORD WAS SET OR TIED.
MM INDICATES DATA IS MISSING.
T  INDICATES TRACE AMOUNT.




$$
