000
CDUS43 KILX 210629
CLISPI


CLIMATE REPORT
NATIONAL WEATHER SERVICE LINCOLN IL
128 AM CDT MON MAY 21 2018


...................................

...THE SPRINGFIELD IL CLIMATE SUMMARY FOR MAY 20 2018...

CLIMATE NORMAL PERIOD 1981 TO 2010
CLIMATE RECORD PERIOD 1879 TO 2018


WEATHER ITEM   OBSERVED TIME   RECORD YEAR NORMAL DEPARTURE LAST
                VALUE   (LST)  VALUE       VALUE  FROM      YEAR
                                                  NORMAL
..................................................................
TEMPERATURE (F)
 YESTERDAY
  MAXIMUM         82    442 PM  94    1987  76      6       76
  MINIMUM         63    519 AM  36    1954  54      9       52
                                      1894
  AVERAGE         73                        65      8       64

PRECIPITATION (IN)
  YESTERDAY        0.07          2.33 2012   0.13  -0.06     0.61
  MONTH TO DATE    1.49                      2.68  -1.19     3.73
  SINCE MAR 1      8.03                      8.82  -0.79    14.91
  SINCE JAN 1     12.75                     12.45   0.30    16.38

SNOWFALL (IN)
  YESTERDAY        0.0           0.0    MM   0.0    0.0      0.0
  MONTH TO DATE    0.0                       0.0    0.0      0.0
  SINCE MAR 1      4.8                       2.8    2.0      4.6
  SINCE JUL 1     11.8                      20.9   -9.1     10.3
  SNOW DEPTH       0

DEGREE DAYS
 HEATING
  YESTERDAY        0                         3     -3        1
  MONTH TO DATE    0                       100   -100       94
  SINCE MAR 1   1267                      1174     93      893
  SINCE JUL 1   5245                      5445   -200     4148

 COOLING
  YESTERDAY        8                         3      5        0
  MONTH TO DATE  153                        40    113       73
  SINCE MAR 1    163                        60    103      110
  SINCE JAN 1    163                        60    103      110
..................................................................


WIND (MPH)
  HIGHEST WIND SPEED    24   HIGHEST WIND DIRECTION     W (260)
  HIGHEST GUST SPEED    32   HIGHEST GUST DIRECTION     W (270)
  AVERAGE WIND SPEED     6.3


SKY COVER
  POSSIBLE SUNSHINE  MM
  AVERAGE SKY COVER 0.2


WEATHER CONDITIONS
 THE FOLLOWING WEATHER WAS RECORDED YESTERDAY.
  LIGHT RAIN
  FOG


RELATIVE HUMIDITY (PERCENT)
 HIGHEST    93           500 AM
 LOWEST     54           400 PM
 AVERAGE    74

..........................................................


THE SPRINGFIELD IL CLIMATE NORMALS FOR TODAY
                         NORMAL    RECORD    YEAR
 MAXIMUM TEMPERATURE (F)   76        94      1941
 MINIMUM TEMPERATURE (F)   54        35      2002
                                             1895


SUNRISE AND SUNSET
MAY 21 2018...........SUNRISE   539 AM CDT   SUNSET   812 PM CDT
MAY 22 2018...........SUNRISE   538 AM CDT   SUNSET   813 PM CDT


-  INDICATES NEGATIVE NUMBERS.
R  INDICATES RECORD WAS SET OR TIED.
MM INDICATES DATA IS MISSING.
T  INDICATES TRACE AMOUNT.




$$
