000
CDUS42 KTBW 202119
CLISRQ


CLIMATE REPORT
NATIONAL WEATHER SERVICE TAMPA BAY FL
517 PM EDT FRI APR 20 2018


...................................

...THE SARASOTA BRADENTON CLIMATE SUMMARY FOR APRIL 20 2018...
VALID TODAY AS OF 0500 PM LOCAL TIME.

CLIMATE NORMAL PERIOD 1981 TO 2010
CLIMATE RECORD PERIOD 1911 TO 2018


WEATHER ITEM   OBSERVED TIME   RECORD YEAR NORMAL DEPARTURE LAST
                VALUE   (LST)  VALUE       VALUE  FROM      YEAR
                                                  NORMAL
..................................................................
TEMPERATURE (F)
 TODAY
  MAXIMUM         80    150 PM  92    1990  81     -1       89
                                      1965
  MINIMUM         60    512 AM  42    1936  62     -2       66
  AVERAGE         70                        72     -2       78

PRECIPITATION (IN)
  TODAY            0.00          2.08 1960   0.09  -0.09     0.00
  MONTH TO DATE    2.13                      1.72   0.41      T
  SINCE MAR 1      4.43                      5.58  -1.15     0.74
  SINCE JAN 1      7.52                     10.77  -3.25     3.23

DEGREE DAYS
 HEATING
  TODAY            0                         0      0        0
  MONTH TO DATE    0                         8     -8        1
  SINCE MAR 1     90                        57     33       54
  SINCE JUL 1    389                       475    -86      202

 COOLING
  TODAY            5                         7     -2       13
  MONTH TO DATE  138                       116     22      184
  SINCE MAR 1    222                       216      6      301
  SINCE JAN 1    462                       320    142      475
..................................................................


WIND (MPH)
  RESULTANT WIND SPEED   5   RESULTANT WIND DIRECTION   W (280)
  HIGHEST WIND SPEED    15   HIGHEST WIND DIRECTION     W (270)
  HIGHEST GUST SPEED    18   HIGHEST GUST DIRECTION     W (260)
  AVERAGE WIND SPEED     6.1


SKY COVER
  POSSIBLE SUNSHINE  MM
  AVERAGE SKY COVER 0.2


WEATHER CONDITIONS
 THE FOLLOWING WEATHER WAS RECORDED TODAY.
  NO SIGNIFICANT WEATHER WAS OBSERVED.


RELATIVE HUMIDITY (PERCENT)
 HIGHEST   100          1200 AM
 LOWEST     58           400 PM

..........................................................


THE SARASOTA BRADENTON CLIMATE NORMALS FOR TOMORROW
                         NORMAL    RECORD    YEAR
 MAXIMUM TEMPERATURE (F)   82        91      1946
                                             1944
 MINIMUM TEMPERATURE (F)   62        45      1953


SUNRISE AND SUNSET
APRIL 20 2018.........SUNRISE   701 AM EDT   SUNSET   758 PM EDT
APRIL 21 2018.........SUNRISE   700 AM EDT   SUNSET   758 PM EDT


-  INDICATES NEGATIVE NUMBERS.
R  INDICATES RECORD WAS SET OR TIED.
MM INDICATES DATA IS MISSING.
T  INDICATES TRACE AMOUNT.




$$


&&
------------------------------------------------------------------
******************** SUPPLEMENTAL DATA ***************************

...GULF WATER TEMPERATURE AT VENICE 76 DEGREES
