000
CDUS43 KMPX 250635
CLISTC


CLIMATE REPORT
NATIONAL WEATHER SERVICE CHANHASSEN MN
132 AM CDT FRI MAY 25 2018


...................................

...THE ST CLOUD MN CLIMATE SUMMARY FOR MAY 24 2018...

CLIMATE NORMAL PERIOD 1981 TO 2010
CLIMATE RECORD PERIOD 1893 TO 2018


WEATHER ITEM   OBSERVED TIME   RECORD YEAR NORMAL DEPARTURE LAST
                VALUE   (LST)  VALUE       VALUE  FROM      YEAR
                                                  NORMAL
..................................................................
TEMPERATURE (F)
 YESTERDAY
  MAXIMUM         92    404 PM  94    2010  71     21       61
  MINIMUM         64    423 AM  30    1949  47     17       46
  AVERAGE         78                        59     19       54

PRECIPITATION (IN)
  YESTERDAY        T             1.29 1973   0.10  -0.10     0.00
  MONTH TO DATE    0.41                      2.25  -1.84     4.32
  SINCE MAR 1      3.81                      6.37  -2.56     8.26
  SINCE JAN 1      5.39                      7.61  -2.22     9.58

SNOWFALL (IN)
  YESTERDAY        0.0           0.0    MM   0.0    0.0      0.0
  MONTH TO DATE    0.0                       0.0    0.0      1.0
  SINCE MAR 1     30.2                      11.5   18.7      3.0
  SINCE JUL 1     62.7                      45.7   17.0     31.9
  SNOW DEPTH       0

DEGREE DAYS
 HEATING
  YESTERDAY        0                         7     -7       11
  MONTH TO DATE  148                       244    -96      262
  SINCE MAR 1   2210                      1965    245     1885
  SINCE JUL 1   8665                      8411    254     7241

 COOLING
  YESTERDAY       13                         1     12        0
  MONTH TO DATE   23                        16      7        3
  SINCE MAR 1     23                        18      5        3
  SINCE JAN 1     23                        18      5        3
..................................................................


WIND (MPH)
  HIGHEST WIND SPEED    25   HIGHEST WIND DIRECTION     S (200)
  HIGHEST GUST SPEED    35   HIGHEST GUST DIRECTION    SW (210)
  AVERAGE WIND SPEED    10.6


SKY COVER
  POSSIBLE SUNSHINE  MM
  AVERAGE SKY COVER 0.3


WEATHER CONDITIONS
 THE FOLLOWING WEATHER WAS RECORDED YESTERDAY.
  NO SIGNIFICANT WEATHER WAS OBSERVED.


RELATIVE HUMIDITY (PERCENT)
 HIGHEST    93           500 AM
 LOWEST     37           300 PM
 AVERAGE    65

..........................................................


THE ST CLOUD MN CLIMATE NORMALS FOR TODAY
                         NORMAL    RECORD    YEAR
 MAXIMUM TEMPERATURE (F)   71        93      1978
 MINIMUM TEMPERATURE (F)   47        31      1913


SUNRISE AND SUNSET
MAY 25 2018...........SUNRISE   536 AM CDT   SUNSET   851 PM CDT
MAY 26 2018...........SUNRISE   535 AM CDT   SUNSET   852 PM CDT


-  INDICATES NEGATIVE NUMBERS.
R  INDICATES RECORD WAS SET OR TIED.
MM INDICATES DATA IS MISSING.
T  INDICATES TRACE AMOUNT.




$$
