320
CDUS43 KEAX 220642
CLISTJ


CLIMATE REPORT
NATIONAL WEATHER SERVICE KANSAS CITY/PLEASANT HILL MO
142 AM CDT TUE MAY 22 2018


...................................

...THE ST. JOSEPH MO CLIMATE SUMMARY FOR MAY 21 2018...

CLIMATE NORMAL PERIOD 1981 TO 2010
CLIMATE RECORD PERIOD 1892 TO 2018


WEATHER ITEM   OBSERVED TIME   RECORD YEAR NORMAL DEPARTURE LAST
                VALUE   (LST)  VALUE       VALUE  FROM      YEAR
                                                  NORMAL
..................................................................
TEMPERATURE (F)
 YESTERDAY
  MAXIMUM         74    611 PM  96    1956  77     -3       70
  MINIMUM         59    746 AM  32    1968  55      4       44
  AVERAGE         67                        66      1       57

PRECIPITATION (IN)
  YESTERDAY        0.00          1.37 1989   0.18  -0.18     0.00
  MONTH TO DATE    1.69                      3.72  -2.03     3.00
  SINCE MAR 1      2.60                      9.76  -7.16    10.21
  SINCE JAN 1      4.06                     11.25  -7.19    11.23

DEGREE DAYS
 HEATING
  YESTERDAY        0                         2     -2        8
  MONTH TO DATE    0                        97    -97       89
  SINCE MAR 1   1272                      1127    145      936
  SINCE JUL 1   5143                      5435   -292     4233

 COOLING
  YESTERDAY        2                         4     -2        0
  MONTH TO DATE  141                        44     97       76
  SINCE MAR 1    148                        65     83       94
  SINCE JAN 1    148                        65     83       94
..................................................................


WIND (MPH)
  HIGHEST WIND SPEED    12   HIGHEST WIND DIRECTION     W (280)
  HIGHEST GUST SPEED    17   HIGHEST GUST DIRECTION    SW (210)
  AVERAGE WIND SPEED     5.6


SKY COVER
  POSSIBLE SUNSHINE  MM
  AVERAGE SKY COVER 0.6


WEATHER CONDITIONS
 THE FOLLOWING WEATHER WAS RECORDED YESTERDAY.
  FOG
  FOG W/VISIBILITY <= 1/4 MILE


RELATIVE HUMIDITY (PERCENT)
 HIGHEST   100          1200 AM
 LOWEST     64           500 PM
 AVERAGE    82

..........................................................


THE ST. JOSEPH MO CLIMATE NORMALS FOR TODAY
                         NORMAL    RECORD    YEAR
 MAXIMUM TEMPERATURE (F)   78        94      1925
 MINIMUM TEMPERATURE (F)   56        39      1963


SUNRISE AND SUNSET
MAY 22 2018...........SUNRISE   559 AM CDT   SUNSET   834 PM CDT
MAY 23 2018...........SUNRISE   559 AM CDT   SUNSET   835 PM CDT


-  INDICATES NEGATIVE NUMBERS.
R  INDICATES RECORD WAS SET OR TIED.
MM INDICATES DATA IS MISSING.
T  INDICATES TRACE AMOUNT.




$$
