720
CDUS45 KPUB 211047
CLITAD


CLIMATE REPORT
NATIONAL WEATHER SERVICE PUEBLO
447 AM MDT SAT APR 21 2018


...................................

...THE TRINIDAD CO CLIMATE SUMMARY FOR APRIL 20 2018...

CLIMATE NORMAL PERIOD 1981 TO 2010
CLIMATE RECORD PERIOD 9999 TO 9999


WEATHER ITEM   OBSERVED TIME   NORMAL DEPARTURE LAST
                VALUE   (LST)  VALUE  FROM      YEAR
                                      NORMAL
......................................................
TEMPERATURE (F)
 YESTERDAY
  MAXIMUM         54   1228 PM  67    -13       67
  MINIMUM         32   1052 PM  35     -3       44
  AVERAGE         43            51     -8       56

PRECIPITATION (IN)
  YESTERDAY        T             0.04  -0.04     0.09
  MONTH TO DATE    0.20          0.71  -0.51     1.24
  SINCE MAR 1      0.85          1.60  -0.75     3.15
  SINCE JAN 1      1.27          2.49  -1.22     4.71

DEGREE DAYS
 HEATING
  YESTERDAY       22            14      8        9
  MONTH TO DATE  316           336    -20      233
  SINCE MAR 1    905          1043   -138      704
  SINCE JUL 1   4429          5165   -736     4160

 COOLING
  YESTERDAY        0             0      0        0
  MONTH TO DATE    1             0      1        2
  SINCE MAR 1      1             0      1        3
  SINCE JAN 1      1             0      1        3
......................................................


WIND (MPH)
  HIGHEST WIND SPEED    36   HIGHEST WIND DIRECTION     S (200)
  HIGHEST GUST SPEED    53   HIGHEST GUST DIRECTION     S (200)
  AVERAGE WIND SPEED    14.6


SKY COVER
  POSSIBLE SUNSHINE  MM
  AVERAGE SKY COVER 0.4


WEATHER CONDITIONS
 THE FOLLOWING WEATHER WAS RECORDED YESTERDAY.
  LIGHT RAIN


RELATIVE HUMIDITY (PERCENT)
 HIGHEST    96          1000 PM
 LOWEST     26           100 AM
 AVERAGE    61

..........................................................




SUNRISE AND SUNSET
APRIL 21 2018.........SUNRISE   615 AM MDT   SUNSET   738 PM MDT
APRIL 22 2018.........SUNRISE   613 AM MDT   SUNSET   739 PM MDT


-  INDICATES NEGATIVE NUMBERS.
R  INDICATES RECORD WAS SET OR TIED.
MM INDICATES DATA IS MISSING.
T  INDICATES TRACE AMOUNT.




$$
