162
CDUS42 KTBW 190832
CLITPA


CLIMATE REPORT
NATIONAL WEATHER SERVICE TAMPA BAY FL
430 AM EDT THU APR 19 2018


...................................

...THE TAMPA CLIMATE SUMMARY FOR APRIL 18 2018...

CLIMATE NORMAL PERIOD 1981 TO 2010
CLIMATE RECORD PERIOD 1890 TO 2018


WEATHER ITEM   OBSERVED TIME   RECORD YEAR NORMAL DEPARTURE LAST
                VALUE   (LST)  VALUE       VALUE  FROM      YEAR
                                                  NORMAL
..................................................................
TEMPERATURE (F)
 YESTERDAY
  MAXIMUM         85    351 PM  89    2013  81      4       87
                                      1990
                                      1960
  MINIMUM         57    428 AM  47    1905  63     -6       71
  AVERAGE         71                        72     -1       79

PRECIPITATION (IN)
  YESTERDAY        0.00          1.82 1899   0.07  -0.07      T
  MONTH TO DATE    2.16                      1.31   0.85     0.59
  SINCE MAR 1      2.51                      4.34  -1.83     1.58
  SINCE JAN 1     10.22                      9.38   0.84     4.54

DEGREE DAYS
 HEATING
  YESTERDAY        0                         0      0        0
  MONTH TO DATE    0                         9     -9        0
  SINCE MAR 1     67                        65      2       28
  SINCE JUL 1    338                       536   -198      164

 COOLING
  YESTERDAY        6                         8     -2       14
  MONTH TO DATE  168                       114     54      190
  SINCE MAR 1    276                       240     36      381
  SINCE JAN 1    593                       353    240      634
..................................................................


WIND (MPH)
  RESULTANT WIND SPEED   3   RESULTANT WIND DIRECTION   W (260)
  HIGHEST WIND SPEED    15   HIGHEST WIND DIRECTION     W (270)
  HIGHEST GUST SPEED    18   HIGHEST GUST DIRECTION     W (270)
  AVERAGE WIND SPEED     4.0


SKY COVER
  POSSIBLE SUNSHINE  MM
  AVERAGE SKY COVER 0.1


WEATHER CONDITIONS
 THE FOLLOWING WEATHER WAS RECORDED YESTERDAY.
  NO SIGNIFICANT WEATHER WAS OBSERVED.


RELATIVE HUMIDITY (PERCENT)
 HIGHEST    80           400 AM
 LOWEST     20           200 PM
 AVERAGE    50

..........................................................


THE TAMPA CLIMATE NORMALS FOR TODAY
                         NORMAL    RECORD    YEAR
 MAXIMUM TEMPERATURE (F)   82        90      2011
                                             1967
 MINIMUM TEMPERATURE (F)   64        48      2001


SUNRISE AND SUNSET
APRIL 19 2018.........SUNRISE   701 AM EDT   SUNSET   758 PM EDT
APRIL 20 2018.........SUNRISE   700 AM EDT   SUNSET   758 PM EDT


-  INDICATES NEGATIVE NUMBERS.
R  INDICATES RECORD WAS SET OR TIED.
MM INDICATES DATA IS MISSING.
T  INDICATES TRACE AMOUNT.




$$


&&
------------------------------------------------------------------
******************** SUPPLEMENTAL DATA ***************************

...RUSKIN                HIGH 86    LOW 53    PCPN 0.00
...SARASOTA/BRADENTON    HIGH 80    LOW 52    PCPN 0.00
...ST. PETERSBURG        HIGH 84    LOW 62    PCPN 0.00
...GULF WATER TEMPERATURE AT CLEARWATER BEACH 73 DEGREES
